000
CDUS46 KPQR 281142
CLISLE


CLIMATE REPORT
NATIONAL WEATHER SERVICE PORTLAND OREGON
342 AM PST SAT NOV 28 2020


...................................

...THE SALEM OR CLIMATE SUMMARY FOR NOVEMBER 27 2020...

CLIMATE NORMAL PERIOD 1981 TO 2010
CLIMATE RECORD PERIOD 1892 TO 2020


WEATHER ITEM   OBSERVED TIME   RECORD YEAR NORMAL DEPARTURE LAST
                VALUE   (LST)  VALUE       VALUE  FROM      YEAR
                                                  NORMAL
..................................................................
TEMPERATURE (F)
 YESTERDAY
  MAXIMUM         39    320 PM  67    1917  49    -10       44
  MINIMUM         30    313 AM  16    1896  37     -7       33
  AVERAGE         35                        43     -8       39

PRECIPITATION (IN)
  YESTERDAY        0.00          1.70 1984   0.24  -0.24      T
  MONTH TO DATE    5.68                      5.75  -0.07     0.72
  SINCE OCT 1      7.38                      8.78  -1.40     3.24
  SINCE JAN 1     27.12                     32.06  -4.94    25.93

DEGREE DAYS
 HEATING
  YESTERDAY       30                        22      8       26
  MONTH TO DATE  534                       516     18      522
  SINCE SEP 1    939                       992    -53     1114
  SINCE JUL 1    966                      1048    -82     1124

 COOLING
  YESTERDAY        0                         0      0        0
  MONTH TO DATE    0                         0      0        0
  SINCE SEP 1     73                        38     35       39
  SINCE JAN 1    409                       290    119      360
..................................................................


WIND (MPH)
  HIGHEST WIND SPEED     9   HIGHEST WIND DIRECTION     S (170)
  HIGHEST GUST SPEED    11   HIGHEST GUST DIRECTION     S (170)
  AVERAGE WIND SPEED     3.5


SKY COVER
  POSSIBLE SUNSHINE  MM
  AVERAGE SKY COVER 0.9


WEATHER CONDITIONS
 THE FOLLOWING WEATHER WAS RECORDED YESTERDAY.
  FOG
  FOG W/VISIBILITY <= 1/4 MILE


RELATIVE HUMIDITY (PERCENT)
 HIGHEST   100           100 AM
 LOWEST     85           200 PM
 AVERAGE    93

..........................................................


THE SALEM OR CLIMATE NORMALS FOR TODAY
                         NORMAL    RECORD    YEAR
 MAXIMUM TEMPERATURE (F)   49        65      1917
 MINIMUM TEMPERATURE (F)   36        14      1896


SUNRISE AND SUNSET
NOVEMBER 28 2020......SUNRISE   727 AM PST   SUNSET   433 PM PST
NOVEMBER 29 2020......SUNRISE   728 AM PST   SUNSET   433 PM PST


-  INDICATES NEGATIVE NUMBERS.
R  INDICATES RECORD WAS SET OR TIED.
MM INDICATES DATA IS MISSING.
T  INDICATES TRACE AMOUNT.




$$
