853
CDUS46 KPQR 130232
CLISLE

CLIMATE REPORT
NATIONAL WEATHER SERVICE PORTLAND OREGON
732 PM PDT SAT JUN 12 2021

...................................

...THE SALEM OR CLIMATE SUMMARY FOR JUNE 12 2021...
VALID TODAY AS OF 0700 PM LOCAL TIME.

CLIMATE NORMAL PERIOD 1991 TO 2020
CLIMATE RECORD PERIOD 1892 TO 2021


WEATHER ITEM   OBSERVED TIME   RECORD YEAR NORMAL DEPARTURE LAST
                VALUE   (LST)  VALUE       VALUE  FROM      YEAR
                                                  NORMAL
...................................................................
TEMPERATURE (F)
 TODAY
  MAXIMUM         80    234 PM  97    2019  73      7       60
  MINIMUM         54    429 AM  36    1965  50      4       52
  AVERAGE         67                        62      5       56

PRECIPITATION (IN)
  TODAY            T             0.53 1912   0.05  -0.05     0.05
  MONTH TO DATE    0.26                      0.67  -0.41     0.82
  SINCE OCT 1     32.36                     37.40  -5.04    25.84
  SINCE JAN 1     18.32                     21.01  -2.69    17.67

DEGREE DAYS
 HEATING
  TODAY            0                         4     -4        9
  MONTH TO DATE   51                        57     -6       69
  SINCE JUN 1     51                        57     -6       69
  SINCE JUL 1   4223                      4289    -66     4493

 COOLING
  TODAY            2                         1      1        0
  MONTH TO DATE   35                        12     23        3
  SINCE JUN 1     35                        12     23        3
  SINCE JAN 1     51                        24     27       18
...................................................................


WIND (MPH)
  HIGHEST WIND SPEED    10   HIGHEST WIND DIRECTION     N (10)
  HIGHEST GUST SPEED    15   HIGHEST GUST DIRECTION     N (340)
  AVERAGE WIND SPEED     3.6


SKY COVER
  POSSIBLE SUNSHINE  MM
  AVERAGE SKY COVER 0.6


WEATHER CONDITIONS
THE FOLLOWING WEATHER WAS RECORDED TODAY.
  LIGHT RAIN
  FOG
  FOG W/VISIBILITY <= 1/4 MILE
  HAZE


RELATIVE HUMIDITY (PERCENT)
 HIGHEST    93           500 AM
 LOWEST     42           200 PM
 AVERAGE    68

..........................................................


THE SALEM OR CLIMATE NORMALS FOR TOMORROW
                         NORMAL    RECORD    YEAR
 MAXIMUM TEMPERATURE (F)   74        93      1986
 MINIMUM TEMPERATURE (F)   50        35      1930
                                             1976


SUNRISE AND SUNSET
JUNE 12 2021..........SUNRISE   525 AM PDT   SUNSET   859 PM PDT
JUNE 13 2021..........SUNRISE   525 AM PDT   SUNSET   859 PM PDT


-  INDICATES NEGATIVE NUMBERS.
R  INDICATES RECORD WAS SET OR TIED.
MM INDICATES DATA IS MISSING.
T  INDICATES TRACE AMOUNT.




$$
