000
CDUS41 KBTV 260533
CLISLK

CLIMATE REPORT
NATIONAL WEATHER SERVICE BURLINGTON VT
1233 AM EST THU NOV 26 2020

...................................

...THE SARANAC LAKE NY CLIMATE SUMMARY FOR NOVEMBER 25 2020...

CLIMATE NORMAL PERIOD: 1981 TO 2010
CLIMATE RECORD PERIOD: 9999 TO 9999


WEATHER ITEM   OBSERVED TIME   RECORD YEAR NORMAL DEPARTURE LAST
                VALUE   (LST)  VALUE       VALUE  FROM      YEAR
                                                  NORMAL
...................................................................
TEMPERATURE (F)
 YESTERDAY
  MAXIMUM         38   6:34 PM  63    1931  38      0       43
  MINIMUM         18  12:19 AM -10    1938  19     -1       27
  AVERAGE         28                        28      0       35

PRECIPITATION (IN)
  YESTERDAY        0.26          1.00 1909   0.10   0.16     0.00
  MONTH TO DATE    1.14                      2.81  -1.67     1.60
  SINCE SEP 1      7.38                     10.15  -2.77    13.05
  SINCE JAN 1     31.50                     34.69  -3.19    38.19

DEGREE DAYS
 HEATING
  YESTERDAY       37                        37      0       30
  MONTH TO DATE  733                       791    -58      993
  SINCE SEP 1   1783                      1843    -60     1946
  SINCE JUL 1   1920                      2083   -163     2167

 COOLING
  YESTERDAY        0                         0      0        0
  MONTH TO DATE    0                         0      0        0
  SINCE SEP 1     12                         7      5        0
  SINCE JAN 1    176                       114     62       93
...................................................................


WIND (MPH)
  HIGHEST WIND SPEED    16   HIGHEST WIND DIRECTION     S (200)
  HIGHEST GUST SPEED    22   HIGHEST GUST DIRECTION    SW (210)
  AVERAGE WIND SPEED     5.0


SKY COVER
  AVERAGE SKY COVER 1.0


WEATHER CONDITIONS
THE FOLLOWING WEATHER WAS RECORDED YESTERDAY.
  LIGHT RAIN
  SNOW
  LIGHT SNOW
  FOG


RELATIVE HUMIDITY (PERCENT)
 HIGHEST   100          10:00 PM
 LOWEST     72          10:00 AM
 AVERAGE    86

..........................................................


THE SARANAC LAKE NY CLIMATE NORMALS FOR TODAY
                         NORMAL    RECORD    YEAR
 MAXIMUM TEMPERATURE (F)   37        67      1908
 MINIMUM TEMPERATURE (F)   18       -14      1938


SUNRISE AND SUNSET
NOVEMBER 26 2020......SUNRISE   7:07 AM EST   SUNSET   4:21 PM EST
NOVEMBER 27 2020......SUNRISE   7:09 AM EST   SUNSET   4:20 PM EST


-  INDICATES NEGATIVE NUMBERS.
R  INDICATES RECORD WAS SET OR TIED.
MM INDICATES DATA IS MISSING.
T  INDICATES TRACE AMOUNT.




$$
