315
CDUS43 KICT 290620
CLISLN

CLIMATE REPORT
NATIONAL WEATHER SERVICE WICHITA KANSAS
1220 AM CST SUN NOV 29 2020

...................................

...THE SALINA KS CLIMATE SUMMARY FOR NOVEMBER 28 2020...

CLIMATE NORMAL PERIOD 1981 TO 2010
CLIMATE RECORD PERIOD 1894 TO 2020


WEATHER ITEM   OBSERVED TIME   RECORD YEAR NORMAL DEPARTURE LAST
                VALUE   (LST)  VALUE       VALUE  FROM      YEAR
                                                  NORMAL
...................................................................
TEMPERATURE (F)
 YESTERDAY
  MAXIMUM         58    217 PM  71    1986  48     10       36
                                      2006
  MINIMUM         24    715 AM  -5    1952  27     -3       30
  AVERAGE         41                        37      4       33

PRECIPITATION (IN)
  YESTERDAY        0.00          0.75 1909   0.03  -0.03     0.13
  MONTH TO DATE    2.51                      1.17   1.34     0.30
  SINCE SEP 1      4.44                      6.14  -1.70     3.05
  SINCE JAN 1     25.91                     30.48  -4.57    33.44

DEGREE DAYS
 HEATING
  YESTERDAY       24                        28     -4       32
  MONTH TO DATE  433                       579   -146      658
  SINCE SEP 1    881                       896    -15     1093
  SINCE JUL 1    881                       897    -16     1093

 COOLING
  YESTERDAY        0                         0      0        0
  MONTH TO DATE    3                         0      3        0
  SINCE SEP 1    202                       239    -37      375
  SINCE JAN 1   1598                      1646    -48     1642
...................................................................


WIND (MPH)
  HIGHEST WIND SPEED    20   HIGHEST WIND DIRECTION    SW (210)
  HIGHEST GUST SPEED    25   HIGHEST GUST DIRECTION    SW (220)
  AVERAGE WIND SPEED     7.2


SKY COVER
  POSSIBLE SUNSHINE  MM
  AVERAGE SKY COVER 0.0


WEATHER CONDITIONS
THE FOLLOWING WEATHER WAS RECORDED YESTERDAY.
  NO SIGNIFICANT WEATHER WAS OBSERVED.


RELATIVE HUMIDITY (PERCENT)
 HIGHEST    92           100 AM
 LOWEST     37           200 PM
 AVERAGE    65

..........................................................


THE SALINA KS CLIMATE NORMALS FOR TODAY
                         NORMAL    RECORD    YEAR
 MAXIMUM TEMPERATURE (F)   47        71      1998
 MINIMUM TEMPERATURE (F)   27         1      1976


SUNRISE AND SUNSET
NOVEMBER 29 2020......SUNRISE   728 AM CST   SUNSET   510 PM CST
NOVEMBER 30 2020......SUNRISE   729 AM CST   SUNSET   509 PM CST


-  INDICATES NEGATIVE NUMBERS.
R  INDICATES RECORD WAS SET OR TIED.
MM INDICATES DATA IS MISSING.
T  INDICATES TRACE AMOUNT.




$$
