000
CDUS46 KLOX 290906
CLISMX


CLIMATE REPORT
NATIONAL WEATHER SERVICE LOS ANGELES/OXNARD CA
106 AM PST SUN NOV 29 2020


...................................

...THE SANTA MARIA AIRPORT CA CLIMATE SUMMARY FOR NOVEMBER 28 2020...

CLIMATE NORMAL PERIOD 1981 TO 2010
CLIMATE RECORD PERIOD 1906 TO 2020


WEATHER ITEM   OBSERVED TIME   RECORD YEAR NORMAL DEPARTURE LAST
                VALUE   (LST)  VALUE       VALUE  FROM      YEAR
                                                  NORMAL
..................................................................
TEMPERATURE (F)
 YESTERDAY
  MAXIMUM         73   1216 PM  85    1929  66      7       53
  MINIMUM         35    643 AM  24    1919  41     -6       40
  AVERAGE         54                        53      1       47

PRECIPITATION (IN)
  YESTERDAY        0.00          1.50 1998   0.05  -0.05     0.48
  MONTH TO DATE    0.25                      1.23  -0.98     1.39
  SINCE OCT 1      0.25                      1.83  -1.58     1.39
  SINCE JAN 1      6.75                     11.73  -4.98    14.33

SNOWFALL (IN)
  YESTERDAY        0.0
  MONTH TO DATE    0.0
  SINCE SEP 1      0.0
  SINCE JUL 1      0.0

DEGREE DAYS
 HEATING
  YESTERDAY       11                        12     -1
  MONTH TO DATE  230                       257    -27
  SINCE SEP 1    320                       485   -165
  SINCE JUL 1    380                       621   -241

 COOLING
  YESTERDAY        0                         0      0
  MONTH TO DATE    8                         0      8
  SINCE SEP 1    186                        45    141
  SINCE JAN 1    340                       100    240
..................................................................


WIND (MPH)
  HIGHEST WIND SPEED    13   HIGHEST WIND DIRECTION    NW (300)
  HIGHEST GUST SPEED    14   HIGHEST GUST DIRECTION    NW (300)
  AVERAGE WIND SPEED     3.4


SKY COVER
  POSSIBLE SUNSHINE  MM
  AVERAGE SKY COVER 0.0


WEATHER CONDITIONS
 THE FOLLOWING WEATHER WAS RECORDED YESTERDAY.
  NO SIGNIFICANT WEATHER WAS OBSERVED.


RELATIVE HUMIDITY (PERCENT)
 HIGHEST    70           700 AM
 LOWEST     15          1200 PM
 AVERAGE    43

..........................................................


THE SANTA MARIA AIRPORT CA CLIMATE NORMALS FOR TODAY
                         NORMAL    RECORD    YEAR
 MAXIMUM TEMPERATURE (F)   66        86      1924
 MINIMUM TEMPERATURE (F)   41        25      1919


SUNRISE AND SUNSET
NOVEMBER 29 2020......SUNRISE   650 AM PST   SUNSET   451 PM PST
NOVEMBER 30 2020......SUNRISE   651 AM PST   SUNSET   450 PM PST


-  INDICATES NEGATIVE NUMBERS.
R  INDICATES RECORD WAS SET OR TIED.
MM INDICATES DATA IS MISSING.
T  INDICATES TRACE AMOUNT.




$$
