000
CDUS46 KSGX 041015
CLISNA


CLIMATE REPORT
NATIONAL WEATHER SERVICE SAN DIEGO, CA
215 AM PST FRI DEC 4 2020


...................................

...THE JOHN WAYNE AIRPORT CA CLIMATE SUMMARY FOR DECEMBER 3 2020...

CLIMATE NORMAL PERIOD 1981 TO 2010
CLIMATE RECORD PERIOD 1999 TO 2020


WEATHER ITEM   OBSERVED TIME   RECORD YEAR NORMAL DEPARTURE LAST
                VALUE   (LST)  VALUE       VALUE  FROM      YEAR
                                                  NORMAL
..................................................................
TEMPERATURE (F)
 YESTERDAY
  MAXIMUM         77    123 PM  79    2006  67     10       66
  MINIMUM         48   1152 PM  42    2007  48      0       54
  AVERAGE         63                        57      6       60

PRECIPITATION (IN)
  YESTERDAY        0.00          0.60 2014   0.04  -0.04      T
  MONTH TO DATE    0.00                      0.11  -0.11      T
  SINCE OCT 1      0.37                      2.11  -1.74     2.32
  SINCE JAN 1      6.84                     11.36  -4.52    14.86

DEGREE DAYS
 HEATING
  YESTERDAY        2                         8     -6        5
  MONTH TO DATE   11                        22    -11       16
  SINCE DEC 1     11                        22    -11       16
  SINCE JUL 1    113                       175    -62       79

 COOLING
  YESTERDAY        0                         0      0        0
  MONTH TO DATE    0                         0      0        0
  SINCE DEC 1      0                         0      0        0
  SINCE JAN 1   1690                       876    814     1237
..................................................................


WIND (MPH)
  RESULTANT WIND SPEED   4   RESULTANT WIND DIRECTION  NE (50)
  HIGHEST WIND SPEED    21   HIGHEST WIND DIRECTION    NE (30)
  HIGHEST GUST SPEED    27   HIGHEST GUST DIRECTION     E (70)
  AVERAGE WIND SPEED     6.5


SKY COVER
  POSSIBLE SUNSHINE  MM
  AVERAGE SKY COVER 0.5


WEATHER CONDITIONS
 THE FOLLOWING WEATHER WAS RECORDED YESTERDAY.
  HAZE


RELATIVE HUMIDITY (PERCENT)
 HIGHEST    44           500 PM
 LOWEST      6           100 PM
 AVERAGE    25

..........................................................


THE JOHN WAYNE AIRPORT CA CLIMATE NORMALS FOR TODAY
                         NORMAL    RECORD    YEAR
 MAXIMUM TEMPERATURE (F)   67        76      2006
 MINIMUM TEMPERATURE (F)   47        41      2011
                                             2004


SUNRISE AND SUNSET
DECEMBER  4 2020......SUNRISE   641 AM PST   SUNSET   443 PM PST
DECEMBER  5 2020......SUNRISE   642 AM PST   SUNSET   443 PM PST


-  INDICATES NEGATIVE NUMBERS.
R  INDICATES RECORD WAS SET OR TIED.
MM INDICATES DATA IS MISSING.
T  INDICATES TRACE AMOUNT.




$$
