000
CDAK48 PAFC 290109
CLISNP


CLIMATE REPORT
NATIONAL WEATHER SERVICE ANCHORAGE, AK
408 PM AKST SAT NOV 28 2020


...................................

...THE SAINT PAUL ISLAND CLIMATE SUMMARY FOR NOVEMBER 28 2020...
VALID TODAY AS OF 0400 PM LOCAL TIME.

CLIMATE NORMAL PERIOD 1981 TO 2010
CLIMATE RECORD PERIOD 1892 TO 2020


WEATHER ITEM   OBSERVED TIME   RECORD YEAR NORMAL DEPARTURE LAST
                VALUE   (LST)  VALUE       VALUE  FROM      YEAR
                                                  NORMAL
..................................................................
TEMPERATURE (F)
 TODAY
  MAXIMUM         34        MM  42    2007  35     -1       38
  MINIMUM         29        MM   8    1988  27      2       30
  AVERAGE         32                        31      1       34

PRECIPITATION (IN)
  TODAY            0.06          0.43 1983   0.08  -0.02     0.02
  MONTH TO DATE    3.23                      2.72   0.51     2.47
  SINCE SEP 1      8.00                      8.82  -0.82     7.62
  SINCE JAN 1     15.46                     21.25  -5.79    24.20

DEGREE DAYS
 HEATING
  TODAY           33                        34     -1       31
  MONTH TO DATE  792                       892   -100      703
  SINCE SEP 1   1814                      2300   -486     1453
  SINCE JUL 1   2326                      3353  -1027     2163

 COOLING
  TODAY            0                         0      0        0
  MONTH TO DATE    0                         0      0        0
  SINCE SEP 1      0                         0      0        0
  SINCE JAN 1      0                         0      0        0
..................................................................


WIND (MPH)
  RESULTANT WIND SPEED  13   RESULTANT WIND DIRECTION   N (340)
  HIGHEST WIND SPEED    20   HIGHEST WIND DIRECTION     N (360)
  HIGHEST GUST SPEED    MM   HIGHEST GUST DIRECTION    MM
  AVERAGE WIND SPEED    13.3



WEATHER CONDITIONS
 THE FOLLOWING WEATHER WAS RECORDED TODAY.
  LIGHT SNOW


RELATIVE HUMIDITY (PERCENT)
 HIGHEST    78
 LOWEST     69
 AVERAGE    74

..........................................................


THE SAINT PAUL ISLAND CLIMATE NORMALS FOR TOMORROW
                         NORMAL    RECORD    YEAR
 MAXIMUM TEMPERATURE (F)   35        43      1961
 MINIMUM TEMPERATURE (F)   27         7      1988


SUNRISE AND SUNSET
NOVEMBER 28 2020......SUNRISE  1031 AM AKST  SUNSET   547 PM AKST
NOVEMBER 29 2020......SUNRISE  1033 AM AKST  SUNSET   546 PM AKST


-  INDICATES NEGATIVE NUMBERS.
R  INDICATES RECORD WAS SET OR TIED.
MM INDICATES DATA IS MISSING.
T  INDICATES TRACE AMOUNT.




$$
