230
CDUS46 KMTR 290831
CLISNS

CLIMATE REPORT
NATIONAL WEATHER SERVICE SAN FRANCISCO BAY AREA
1231 AM PST SUN NOV 29 2020

...................................

...THE SALINAS AIRPORT CLIMATE SUMMARY FOR NOVEMBER 28 2020...

CLIMATE NORMAL PERIOD: 1981 TO 2010
CLIMATE RECORD PERIOD: 1930 TO 2020


WEATHER ITEM   OBSERVED TIME   RECORD YEAR NORMAL DEPARTURE LAST
                VALUE   (LST)  VALUE       VALUE  FROM      YEAR
                                                  NORMAL
...................................................................
TEMPERATURE (F)
 YESTERDAY
  MAXIMUM         71   2:11 PM  79    1935  64      7       52
  MINIMUM         38   6:57 AM  31    1931  42     -4       39
  AVERAGE         55                        53      2       46

PRECIPITATION (IN)
  YESTERDAY        0.00          1.18 1970   0.06  -0.06     0.02
  MONTH TO DATE    0.37                      1.29  -0.92     0.84
  SINCE OCT 1      0.37                      1.87  -1.50     0.84
  SINCE JAN 1      4.49                     10.79  -6.30    10.02

DEGREE DAYS
 HEATING
  YESTERDAY       10                        12     -2       19
  MONTH TO DATE  241                       259    -18      216
  SINCE SEP 1    314                       458   -144      385
  SINCE JUL 1    345                       593   -248      455

 COOLING
  YESTERDAY        0                         0      0        0
  MONTH TO DATE   14                         0     14        2
  SINCE SEP 1    189                        58    131      122
  SINCE JAN 1    358                       127    231      274
...................................................................


WIND (MPH)
  RESULTANT WIND SPEED   3   RESULTANT WIND DIRECTION  SE (130)
  HIGHEST WIND SPEED    16   HIGHEST WIND DIRECTION    SE (140)
  HIGHEST GUST SPEED    19   HIGHEST GUST DIRECTION    SE (140)
  AVERAGE WIND SPEED     6.5


SKY COVER
  POSSIBLE SUNSHINE  MM
  AVERAGE SKY COVER 0.0


WEATHER CONDITIONS
THE FOLLOWING WEATHER WAS RECORDED YESTERDAY.
  NO SIGNIFICANT WEATHER WAS OBSERVED.


RELATIVE HUMIDITY (PERCENT)
 HIGHEST    71           9:00 PM
 LOWEST     16           2:00 PM
 AVERAGE    44

..........................................................


THE SALINAS AIRPORT CLIMATE NORMALS FOR TODAY
                         NORMAL    RECORD    YEAR
 MAXIMUM TEMPERATURE (F)   63        84      1956
 MINIMUM TEMPERATURE (F)   42        27      2004


SUNRISE AND SUNSET
NOVEMBER 29 2020......SUNRISE   6:59 AM PST   SUNSET   4:51 PM PST
NOVEMBER 30 2020......SUNRISE   7:00 AM PST   SUNSET   4:51 PM PST


-  INDICATES NEGATIVE NUMBERS.
R  INDICATES RECORD WAS SET OR TIED.
MM INDICATES DATA IS MISSING.
T  INDICATES TRACE AMOUNT.




$$
