335
CDUS45 KPIH 280733
CLISNT


CLIMATE REPORT
NATIONAL WEATHER SERVICE POCATELLO ID
1232 AM MST SAT NOV 28 2020


...................................

...THE STANLEY ID CLIMATE SUMMARY FOR NOVEMBER 27 2020...

CLIMATE NORMAL PERIOD 1981 TO 2010
CLIMATE RECORD PERIOD 1916 TO 2020


WEATHER ITEM   OBSERVED TIME   RECORD YEAR NORMAL DEPARTURE LAST
                VALUE   (LST)  VALUE       VALUE  FROM      YEAR
                                                  NORMAL
..................................................................
TEMPERATURE (F)
 YESTERDAY
  MAXIMUM         23    337 PM  50    1922  29     -6       29
  MINIMUM         -4    240 AM -30    1919   8    -12       10
  AVERAGE         10                        18     -8       20

PRECIPITATION (IN)
  YESTERDAY        0.00          0.52 1991   0.05  -0.05     0.01
  MONTH TO DATE    2.84                      1.97   0.87     0.13
  SINCE OCT 1      4.26                      3.44   0.82     1.10
  SINCE JAN 1     15.47                     15.65  -0.18    17.63

SNOWFALL (IN)
  YESTERDAY       MM
  MONTH TO DATE   MM
  SINCE SEP 1     MM
  SINCE JUL 1     MM
  SNOW DEPTH      MM

DEGREE DAYS
 HEATING
  YESTERDAY       55                        47      8       45
  MONTH TO DATE 1063                      1092    -29      920
  SINCE SEP 1   2176                      2436   -260     2389
  SINCE JUL 1   2524                      2956   -432     2733

 COOLING
  YESTERDAY        0                         0      0        0
  MONTH TO DATE    0                         0      0        0
  SINCE SEP 1      0                         0      0        0
  SINCE JAN 1     21                         3     18        9
..................................................................


WIND (MPH)
  HIGHEST WIND SPEED     8   HIGHEST WIND DIRECTION    SE (120)
  HIGHEST GUST SPEED    12   HIGHEST GUST DIRECTION    SE (130)
  AVERAGE WIND SPEED     0.9


SKY COVER
  POSSIBLE SUNSHINE  MM
  AVERAGE SKY COVER 0.0


WEATHER CONDITIONS
 THE FOLLOWING WEATHER WAS RECORDED YESTERDAY.
  NO SIGNIFICANT WEATHER WAS OBSERVED.


RELATIVE HUMIDITY (PERCENT)
 HIGHEST    88           800 PM
 LOWEST     62           300 PM
 AVERAGE    75

..........................................................


THE STANLEY ID CLIMATE NORMALS FOR TODAY
                         NORMAL    RECORD    YEAR
 MAXIMUM TEMPERATURE (F)   28        48      2014
                                             1980
 MINIMUM TEMPERATURE (F)    8       -28      1919


SUNRISE AND SUNSET
NOVEMBER 28 2020......SUNRISE   752 AM MST   SUNSET   503 PM MST
NOVEMBER 29 2020......SUNRISE   753 AM MST   SUNSET   503 PM MST


-  INDICATES NEGATIVE NUMBERS.
R  INDICATES RECORD WAS SET OR TIED.
MM INDICATES DATA IS MISSING.
T  INDICATES TRACE AMOUNT.




$$
