000
CDUS45 KPIH 122320
CLISNT

CLIMATE REPORT
NATIONAL WEATHER SERVICE POCATELLO ID
520 PM MDT SAT JUN 12 2021

...................................

...THE STANLEY CLIMATE SUMMARY FOR JUNE 12 2021...
VALID TODAY AS OF 0500 PM LOCAL TIME.

CLIMATE NORMAL PERIOD 1991 TO 2020
CLIMATE RECORD PERIOD 1916 TO 2021


WEATHER ITEM   OBSERVED TIME   RECORD YEAR NORMAL DEPARTURE LAST
                VALUE   (LST)  VALUE       VALUE  FROM      YEAR
                                                  NORMAL
...................................................................
TEMPERATURE (F)
 TODAY
  MAXIMUM         73    348 PM  80    1992  67      6       78
  MINIMUM         38    442 AM  20    1966  34      4       37
  AVERAGE         56                        51      5       58

PRECIPITATION (IN)
  TODAY            0.00          0.61 2000   0.06  -0.06     0.00
  MONTH TO DATE    0.00                      0.81  -0.81     0.59
  SINCE OCT 1     11.88                     14.95  -3.07    10.74
  SINCE JAN 1      6.15                      9.25  -3.10     7.59

SNOWFALL (IN)
  TODAY           MM
  MONTH TO DATE   MM
  SINCE JUN 1     MM
  SINCE JUL 1     MM
  SNOW DEPTH      MM

DEGREE DAYS
 HEATING
  TODAY            9                        14     -5        7
  MONTH TO DATE  129                       185    -56      160
  SINCE JUN 1    129                       185    -56      160
  SINCE JUL 1   9880                      9844     36     9893

 COOLING
  TODAY            0                         0      0        0
  MONTH TO DATE    0                         0      0        0
  SINCE JUN 1      0                         0      0        0
  SINCE JAN 1      0                         0      0        0
...................................................................


WIND (MPH)
  HIGHEST WIND SPEED    14   HIGHEST WIND DIRECTION     S (180)
  HIGHEST GUST SPEED    26   HIGHEST GUST DIRECTION     S (170)
  AVERAGE WIND SPEED     4.0


SKY COVER
  POSSIBLE SUNSHINE  MM
  AVERAGE SKY COVER 0.0


WEATHER CONDITIONS
THE FOLLOWING WEATHER WAS RECORDED TODAY.
  NO SIGNIFICANT WEATHER WAS OBSERVED.


RELATIVE HUMIDITY (PERCENT)
 HIGHEST    73           600 AM
 LOWEST     27           400 PM
 AVERAGE    50

..........................................................


THE STANLEY CLIMATE NORMALS FOR TOMORROW
                         NORMAL    RECORD    YEAR
 MAXIMUM TEMPERATURE (F)   67        85      1918
 MINIMUM TEMPERATURE (F)   34        22      2005


SUNRISE AND SUNSET
JUNE 12 2021..........SUNRISE   556 AM MDT   SUNSET   924 PM MDT
JUNE 13 2021..........SUNRISE   556 AM MDT   SUNSET   924 PM MDT


-  INDICATES NEGATIVE NUMBERS.
R  INDICATES RECORD WAS SET OR TIED.
MM INDICATES DATA IS MISSING.
T  INDICATES TRACE AMOUNT.




$$
