000
CDUS43 KILX 282228
CLISPI

CLIMATE REPORT
NATIONAL WEATHER SERVICE LINCOLN IL
428 PM CST SAT NOV 28 2020

...................................

...THE SPRINGFIELD IL CLIMATE SUMMARY FOR NOVEMBER 28 2020...
VALID TODAY AS OF 0400 PM LOCAL TIME.

CLIMATE NORMAL PERIOD 1981 TO 2010
CLIMATE RECORD PERIOD 1879 TO 2020


WEATHER ITEM   OBSERVED TIME   RECORD YEAR NORMAL DEPARTURE LAST
                VALUE   (LST)  VALUE       VALUE  FROM      YEAR
                                                  NORMAL
...................................................................
TEMPERATURE (F)
 TODAY
  MAXIMUM         52    308 PM  76    1905  45      7       36
  MINIMUM         24    355 AM   1    1977  28     -4       32
  AVERAGE         38                        37      1       34

PRECIPITATION (IN)
  TODAY            0.00          1.47 1968   0.11  -0.11     0.02
  MONTH TO DATE    2.07                      3.00  -0.93     1.01
  SINCE SEP 1      5.98                      9.05  -3.07    12.73
  SINCE JAN 1     38.87                     34.70   4.17    46.22

SNOWFALL (IN)
  TODAY            0.0           3.8  1942   0.0    0.0      0.0
  MONTH TO DATE    0.0                       0.5   -0.5      4.7
  SINCE SEP 1      T                         0.5   -0.5      7.0
  SINCE JUL 1      T                         0.5   -0.5      7.0
  SNOW DEPTH       0

DEGREE DAYS
 HEATING
  TODAY           27                        28     -1       31
  MONTH TO DATE  469                       602   -133      779
  SINCE SEP 1    922                      1007    -85     1164
  SINCE JUL 1    922                      1012    -90     1164

 COOLING
  TODAY            0                         0      0        0
  MONTH TO DATE    5                         0      5        0
  SINCE SEP 1    131                       151    -20      273
  SINCE JAN 1   1203                      1121     82     1309
...................................................................


WIND (MPH)
  HIGHEST WIND SPEED    15   HIGHEST WIND DIRECTION     S (200)
  HIGHEST GUST SPEED    18   HIGHEST GUST DIRECTION     S (180)
  AVERAGE WIND SPEED     6.0


SKY COVER
  POSSIBLE SUNSHINE  MM
  AVERAGE SKY COVER 0.0


WEATHER CONDITIONS
THE FOLLOWING WEATHER WAS RECORDED TODAY.
  NO SIGNIFICANT WEATHER WAS OBSERVED.


RELATIVE HUMIDITY (PERCENT)
 HIGHEST    96           800 AM
 LOWEST     54           200 PM
 AVERAGE    75

..........................................................


THE SPRINGFIELD IL CLIMATE NORMALS FOR TOMORROW
                         NORMAL    RECORD    YEAR
 MAXIMUM TEMPERATURE (F)   45        71      1927
 MINIMUM TEMPERATURE (F)   28         2      1929


SUNRISE AND SUNSET
NOVEMBER 28 2020......SUNRISE   658 AM CST   SUNSET   435 PM CST
NOVEMBER 29 2020......SUNRISE   659 AM CST   SUNSET   435 PM CST


-  INDICATES NEGATIVE NUMBERS.
R  INDICATES RECORD WAS SET OR TIED.
MM INDICATES DATA IS MISSING.
T  INDICATES TRACE AMOUNT.




$$
