000
CDUS42 KTBW 290929
CLISRQ


CLIMATE REPORT
NATIONAL WEATHER SERVICE TAMPA BAY FL
427 AM EST SUN NOV 29 2020


...................................

...THE SARASOTA BRADENTON CLIMATE SUMMARY FOR NOVEMBER 28 2020...

CLIMATE NORMAL PERIOD 1981 TO 2010
CLIMATE RECORD PERIOD 1911 TO 2020


WEATHER ITEM   OBSERVED TIME   RECORD YEAR NORMAL DEPARTURE LAST
                VALUE   (LST)  VALUE       VALUE  FROM      YEAR
                                                  NORMAL
..................................................................
TEMPERATURE (F)
 YESTERDAY
  MAXIMUM         80   1215 PM  87    1958  76      4       84
  MINIMUM         63    600 AM  30    1930  57      6       59
  AVERAGE         72                        67      5       72

PRECIPITATION (IN)
  YESTERDAY        0.00          1.60 1980   0.06  -0.06     0.00
  MONTH TO DATE    7.41                      1.76   5.65     0.53
  SINCE SEP 1     19.00                     11.98   7.02     5.90
  SINCE JAN 1     55.28                     50.31   4.97    47.29

DEGREE DAYS
 HEATING
  YESTERDAY        0                         2     -2        0
  MONTH TO DATE    0                        24    -24       11
  SINCE SEP 1      0                        27    -27       11
  SINCE JUL 1      0                        27    -27       11

 COOLING
  YESTERDAY        7                         4      3        7
  MONTH TO DATE  283                       149    134      200
  SINCE SEP 1   1345                       996    349     1356
  SINCE JAN 1   4421                      3293   1128     4214
..................................................................


WIND (MPH)
  HIGHEST WIND SPEED    10   HIGHEST WIND DIRECTION    SW (210)
  HIGHEST GUST SPEED    14   HIGHEST GUST DIRECTION    SW (230)
  AVERAGE WIND SPEED     4.3


SKY COVER
  POSSIBLE SUNSHINE  MM
  AVERAGE SKY COVER 0.0


WEATHER CONDITIONS
 THE FOLLOWING WEATHER WAS RECORDED YESTERDAY.
  FOG


RELATIVE HUMIDITY (PERCENT)
 HIGHEST    93           200 AM
 LOWEST     64          1000 AM

..........................................................


THE SARASOTA BRADENTON CLIMATE NORMALS FOR TODAY
                         NORMAL    RECORD    YEAR
 MAXIMUM TEMPERATURE (F)   76        86      2019
                                             1990
                                             1948
 MINIMUM TEMPERATURE (F)   57        38      1922


SUNRISE AND SUNSET
NOVEMBER 29 2020......SUNRISE   702 AM EST   SUNSET   535 PM EST
NOVEMBER 30 2020......SUNRISE   703 AM EST   SUNSET   535 PM EST


-  INDICATES NEGATIVE NUMBERS.
R  INDICATES RECORD WAS SET OR TIED.
MM INDICATES DATA IS MISSING.
T  INDICATES TRACE AMOUNT.




$$


&&
------------------------------------------------------------------
******************** SUPPLEMENTAL DATA ***************************

...GULF WATER TEMPERATURE AT VENICE 75 DEGREES
