464
CDUS43 KMPX 290653
CLISTC

CLIMATE REPORT
NATIONAL WEATHER SERVICE TWIN CITIES/CHANHASSEN MN
1253 AM CST SUN NOV 29 2020

...................................

...THE ST CLOUD MN CLIMATE SUMMARY FOR NOVEMBER 28 2020...

CLIMATE NORMAL PERIOD 1981 TO 2010
CLIMATE RECORD PERIOD 1893 TO 2020


WEATHER ITEM   OBSERVED TIME   RECORD YEAR NORMAL DEPARTURE LAST
                VALUE   (LST)  VALUE       VALUE  FROM      YEAR
                                                  NORMAL
...................................................................
TEMPERATURE (F)
 YESTERDAY
  MAXIMUM         48    254 PM  54    1899  31     17       26
  MINIMUM         27    631 AM -14    1897  15     12       21
  AVERAGE         38                        23     15       24

PRECIPITATION (IN)
  YESTERDAY        0.00          1.24 1960   0.04  -0.04     0.00
  MONTH TO DATE    2.27                      1.31   0.96     1.02
  SINCE SEP 1      6.42                      7.26  -0.84    12.41
  SINCE JAN 1     26.21                     26.84  -0.63    39.75

SNOWFALL (IN)
  YESTERDAY        0.0           9.1  1983   0.4   -0.4      0.0
  MONTH TO DATE    7.9                       7.7    0.2      7.0
  SINCE SEP 1     15.7                       8.5    7.2      7.5
  SINCE JUL 1     15.7                       8.5    7.2      7.5
  SNOW DEPTH       0

DEGREE DAYS
 HEATING
  YESTERDAY       27                        42    -15       41
  MONTH TO DATE  785                       954   -169     1033
  SINCE SEP 1   1789                      1781      8     1851
  SINCE JUL 1   1812                      1839    -27     1884

 COOLING
  YESTERDAY        0                         0      0        0
  MONTH TO DATE    0                         0      0        0
  SINCE SEP 1     12                        36    -24       54
  SINCE JAN 1    579                       465    114      452
...................................................................


WIND (MPH)
  HIGHEST WIND SPEED    13   HIGHEST WIND DIRECTION    SW (220)
  HIGHEST GUST SPEED    16   HIGHEST GUST DIRECTION    SW (230)
  AVERAGE WIND SPEED     6.7


SKY COVER
  POSSIBLE SUNSHINE  MM
  AVERAGE SKY COVER 0.0


WEATHER CONDITIONS
THE FOLLOWING WEATHER WAS RECORDED YESTERDAY.
  NO SIGNIFICANT WEATHER WAS OBSERVED.


RELATIVE HUMIDITY (PERCENT)
 HIGHEST    81           800 PM
 LOWEST     46           200 PM
 AVERAGE    64

..........................................................


THE ST CLOUD MN CLIMATE NORMALS FOR TODAY
                         NORMAL    RECORD    YEAR
 MAXIMUM TEMPERATURE (F)   31        59      1998
 MINIMUM TEMPERATURE (F)   14       -16      1985


SUNRISE AND SUNSET
NOVEMBER 29 2020......SUNRISE   734 AM CST   SUNSET   435 PM CST
NOVEMBER 30 2020......SUNRISE   736 AM CST   SUNSET   434 PM CST


-  INDICATES NEGATIVE NUMBERS.
R  INDICATES RECORD WAS SET OR TIED.
MM INDICATES DATA IS MISSING.
T  INDICATES TRACE AMOUNT.




$$
