385
CDUS43 KEAX 260651
CLISTJ

CLIMATE REPORT
NATIONAL WEATHER SERVICE
1251 AM CST THU NOV 26 2020

...................................

...THE ST. JOSEPH MO CLIMATE SUMMARY FOR NOVEMBER 25 2020...

CLIMATE NORMAL PERIOD: 1981 TO 2010
CLIMATE RECORD PERIOD: 1892 TO 2020


WEATHER ITEM   OBSERVED TIME   RECORD YEAR NORMAL DEPARTURE LAST
                VALUE   (LST)  VALUE       VALUE  FROM      YEAR
                                                  NORMAL
...................................................................
TEMPERATURE (F)
 YESTERDAY
  MAXIMUM         49  12:46 AM  68    1981  48      1       59
  MINIMUM         32  11:59 PM  12    1977  27      5       30
  AVERAGE         41                        37      4       45

PRECIPITATION (IN)
  YESTERDAY        0.44          0.80 1978   0.05   0.39     0.00
  MONTH TO DATE    1.69                      1.35   0.34     0.08
  SINCE SEP 1      5.19                      7.58  -2.39     7.70
  SINCE JAN 1     34.45                     33.88   0.57    36.97

DEGREE DAYS
 HEATING
  YESTERDAY       24                        28     -4       20
  MONTH TO DATE  431                       547   -116      627
  SINCE SEP 1    939                       961    -22     1076
  SINCE JUL 1    940                       966    -26     1076

 COOLING
  YESTERDAY        0                         0      0        0
  MONTH TO DATE    0                         0      0        0
  SINCE SEP 1    121                       143    -22      322
  SINCE JAN 1   1307                      1220     87     1466
...................................................................


WIND (MPH)
  HIGHEST WIND SPEED    32   HIGHEST WIND DIRECTION     N (10)
  HIGHEST GUST SPEED    43   HIGHEST GUST DIRECTION     N (20)
  AVERAGE WIND SPEED    11.8


SKY COVER
  POSSIBLE SUNSHINE  MM
  AVERAGE SKY COVER 1.0


WEATHER CONDITIONS
THE FOLLOWING WEATHER WAS RECORDED YESTERDAY.
  RAIN
  LIGHT RAIN
  FOG
  HAZE


RELATIVE HUMIDITY (PERCENT)
 HIGHEST    97          12:00 AM
 LOWEST     78          10:00 PM
 AVERAGE    88

..........................................................


THE ST. JOSEPH MO CLIMATE NORMALS FOR TODAY
                         NORMAL    RECORD    YEAR
 MAXIMUM TEMPERATURE (F)   47        77      1990
 MINIMUM TEMPERATURE (F)   26        10      1977


SUNRISE AND SUNSET
NOVEMBER 26 2020......SUNRISE   7:17 AM CST   SUNSET   4:57 PM CST
NOVEMBER 27 2020......SUNRISE   7:18 AM CST   SUNSET   4:57 PM CST


-  INDICATES NEGATIVE NUMBERS.
R  INDICATES RECORD WAS SET OR TIED.
MM INDICATES DATA IS MISSING.
T  INDICATES TRACE AMOUNT.




$$
