000
CDUS43 KLSX 260840
CLISTL

CLIMATE REPORT
NATIONAL WEATHER SERVICE ST LOUIS MO
240 AM CST THU NOV 26 2020

...................................

...THE ST. LOUIS CLIMATE SUMMARY FOR NOVEMBER 25 2020...

CLIMATE NORMAL PERIOD 1981 TO 2010
CLIMATE RECORD PERIOD 1874 TO 2020


WEATHER ITEM   OBSERVED TIME   RECORD YEAR NORMAL DEPARTURE LAST
                VALUE   (LST)  VALUE       VALUE  FROM      YEAR
                                                  NORMAL
...................................................................
TEMPERATURE (F)
 YESTERDAY
  MAXIMUM         56   1108 AM  74    1990  51      5       67
  MINIMUM         46   1159 PM   4    1950  34     12       43
  AVERAGE         51                        42      9       55

PRECIPITATION (IN)
  YESTERDAY        0.44          1.06 1996   0.13   0.31     0.00
  MONTH TO DATE    3.83                      3.26   0.57     0.67
  SINCE SEP 1      8.40                      9.72  -1.32     6.18
  SINCE JAN 1     48.39                     37.47  10.92    49.24

SNOWFALL (IN)
  YESTERDAY        0.0           1.5  1903   0.1   -0.1      0.0
  MONTH TO DATE    0.0                       0.5   -0.5      1.5
  SINCE SEP 1      0.0                       0.5   -0.5      1.5
  SINCE JUL 1      0.0                       0.5   -0.5      1.5
  SNOW DEPTH       0

DEGREE DAYS
 HEATING
  YESTERDAY       14                        23     -9       10
  MONTH TO DATE  303                       428   -125      586
  SINCE SEP 1    631                       703    -72      860
  SINCE JUL 1    631                       704    -73      860

 COOLING
  YESTERDAY        0                         0      0        0
  MONTH TO DATE   10                         0     10        0
  SINCE SEP 1    265                       243     22      438
  SINCE JAN 1   1764                      1642    122     1897
...................................................................


WIND (MPH)
  HIGHEST WIND SPEED    30   HIGHEST WIND DIRECTION    SE (120)
  HIGHEST GUST SPEED    37   HIGHEST GUST DIRECTION    SE (120)
  AVERAGE WIND SPEED    11.6


SKY COVER
  AVERAGE SKY COVER 1.0


WEATHER CONDITIONS
THE FOLLOWING WEATHER WAS RECORDED YESTERDAY.
  RAIN
  LIGHT RAIN
  FOG


RELATIVE HUMIDITY (PERCENT)
 HIGHEST    90           500 AM
 LOWEST     80          1000 PM
 AVERAGE    85

..........................................................


THE ST. LOUIS CLIMATE NORMALS FOR TODAY
                         NORMAL    RECORD    YEAR
 MAXIMUM TEMPERATURE (F)   50        76      1965
 MINIMUM TEMPERATURE (F)   34         7      1977


SUNRISE AND SUNSET
NOVEMBER 26 2020......SUNRISE   656 AM CST   SUNSET   442 PM CST
NOVEMBER 27 2020......SUNRISE   657 AM CST   SUNSET   441 PM CST


-  INDICATES NEGATIVE NUMBERS.
R  INDICATES RECORD WAS SET OR TIED.
MM INDICATES DATA IS MISSING.
T  INDICATES TRACE AMOUNT.




$$
