000
CDUS46 KMTR 290038
CLISTS

CLIMATE REPORT
NATIONAL WEATHER SERVICE SAN FRANCISCO BAY AREA
438 PM PST SAT NOV 28 2020

...................................

...THE SANTA ROSA AIRPORT CLIMATE SUMMARY FOR NOVEMBER 28 2020...
VALID TODAY AS OF 0400 PM LOCAL TIME.

CLIMATE NORMAL PERIOD: 1981 TO 2010
CLIMATE RECORD PERIOD: 1998 TO 2020


WEATHER ITEM   OBSERVED TIME   RECORD YEAR NORMAL DEPARTURE LAST
                VALUE   (LST)  VALUE       VALUE  FROM      YEAR
                                                  NORMAL
...................................................................
TEMPERATURE (F)
 TODAY
  MAXIMUM         66   3:30 PM  72    2013  59      7       53
  MINIMUM         28   7:15 AM  27    2015  38    -10       30
  AVERAGE         47                        49     -2       42

PRECIPITATION (IN)
  TODAY            0.00          2.95 2001   0.16  -0.16      T
  MONTH TO DATE    1.44                      4.29  -2.85     1.07
  SINCE OCT 1      1.44                      6.32  -4.88     1.09
  SINCE JAN 1      7.35                     28.85 -21.50    39.61

DEGREE DAYS
 HEATING
  TODAY           18                                        23
  MONTH TO DATE  366                                       279
  SINCE SEP 1    437                                       479
  SINCE JUL 1    448                                       481

 COOLING
  TODAY            0                                         0
  MONTH TO DATE    0                                         0
  SINCE SEP 1    272                                       156
  SINCE JAN 1    729                                       569
...................................................................


WIND (MPH)
  RESULTANT WIND SPEED   1   RESULTANT WIND DIRECTION  NW (310)
  HIGHEST WIND SPEED     6   HIGHEST WIND DIRECTION    NW (320)
  HIGHEST GUST SPEED     7   HIGHEST GUST DIRECTION     W (290)
  AVERAGE WIND SPEED     1.0


SKY COVER
  POSSIBLE SUNSHINE  MM
  AVERAGE SKY COVER 0.0


WEATHER CONDITIONS
THE FOLLOWING WEATHER WAS RECORDED TODAY.
  NO SIGNIFICANT WEATHER WAS OBSERVED.


RELATIVE HUMIDITY (PERCENT)
 HIGHEST    92           3:00 AM
 LOWEST     22           3:00 PM
 AVERAGE    57

..........................................................


THE SANTA ROSA AIRPORT CLIMATE NORMALS FOR TOMORROW
                         NORMAL    RECORD    YEAR
 MAXIMUM TEMPERATURE (F)   59        74      2009
 MINIMUM TEMPERATURE (F)   38        23      2015


SUNRISE AND SUNSET
NOVEMBER 28 2020......SUNRISE   7:07 AM PST   SUNSET   4:51 PM PST
NOVEMBER 29 2020......SUNRISE   7:08 AM PST   SUNSET   4:51 PM PST


-  INDICATES NEGATIVE NUMBERS.
R  INDICATES RECORD WAS SET OR TIED.
MM INDICATES DATA IS MISSING.
T  INDICATES TRACE AMOUNT.




$$
