000
CDUS43 KFSD 260636
CLISUX

CLIMATE REPORT
NATIONAL WEATHER SERVICE SIOUX FALLS SD
1236 AM CST THU NOV 26 2020

...................................

...THE SIOUX CITY IA CLIMATE SUMMARY FOR NOVEMBER 25 2020...

CLIMATE NORMAL PERIOD: 1981 TO 2010
CLIMATE RECORD PERIOD: 1889 TO 2020


WEATHER ITEM   OBSERVED TIME   RECORD YEAR NORMAL DEPARTURE LAST
                VALUE   (LST)  VALUE       VALUE  FROM      YEAR
                                                  NORMAL
...................................................................
TEMPERATURE (F)
 YESTERDAY
  MAXIMUM         34   2:06 PM  75    1960  40     -6       50
  MINIMUM         29  11:56 PM  -1    1975  20      9       31
  AVERAGE         32                        30      2       41

PRECIPITATION (IN)
  YESTERDAY        0.00          0.47 1944   0.04  -0.04     0.00
  MONTH TO DATE    2.09                      1.11   0.98     0.60
  SINCE SEP 1      4.86                      6.20  -1.34     7.02
  SINCE JAN 1     19.57                     26.74  -7.17    31.11

SNOWFALL (IN)
  YESTERDAY        0.0           4.2  1908   0.3   -0.3      0.0
  MONTH TO DATE    3.0                       3.3   -0.3      2.1
  SINCE SEP 1      7.2                       4.3    2.9      2.1
  SINCE JUL 1      7.2                       4.3    2.9      2.1
  SNOW DEPTH       0

DEGREE DAYS
 HEATING
  YESTERDAY       33                        35     -2       24
  MONTH TO DATE  588                       695   -107      775
  SINCE SEP 1   1305                      1280     25     1411
  SINCE JUL 1   1307                      1295     12     1416

 COOLING
  YESTERDAY        0                         0      0        0
  MONTH TO DATE    1                         0      1        0
  SINCE SEP 1     64                        92    -28      172
  SINCE JAN 1   1062                       869    193      910
...................................................................


WIND (MPH)
  HIGHEST WIND SPEED    16   HIGHEST WIND DIRECTION     N (350)
  HIGHEST GUST SPEED    22   HIGHEST GUST DIRECTION     N (350)
  AVERAGE WIND SPEED     9.4


SKY COVER
  POSSIBLE SUNSHINE  MM
  AVERAGE SKY COVER 1.0


WEATHER CONDITIONS
THE FOLLOWING WEATHER WAS RECORDED YESTERDAY.
  FOG


RELATIVE HUMIDITY (PERCENT)
 HIGHEST    92           5:00 AM
 LOWEST     81           9:00 AM
 AVERAGE    87

..........................................................


THE SIOUX CITY IA CLIMATE NORMALS FOR TODAY
                         NORMAL    RECORD    YEAR
 MAXIMUM TEMPERATURE (F)   40        68      1941
 MINIMUM TEMPERATURE (F)   20        -8      1993


SUNRISE AND SUNSET
NOVEMBER 26 2020......SUNRISE   7:30 AM CST   SUNSET   4:56 PM CST
NOVEMBER 27 2020......SUNRISE   7:31 AM CST   SUNSET   4:55 PM CST


-  INDICATES NEGATIVE NUMBERS.
R  INDICATES RECORD WAS SET OR TIED.
MM INDICATES DATA IS MISSING.
T  INDICATES TRACE AMOUNT.




$$
