000
CDUS41 KBGM 282233
CLISYR


CLIMATE REPORT
NATIONAL WEATHER SERVICE BINGHAMTON NY
532 PM EST SAT NOV 28 2020


...................................

...THE SYRACUSE NY CLIMATE SUMMARY FOR NOVEMBER 28 2020...
VALID TODAY AS OF 0500 PM LOCAL TIME.

CLIMATE NORMAL PERIOD 1981 TO 2010
CLIMATE RECORD PERIOD 1902 TO 2020


WEATHER ITEM   OBSERVED TIME   RECORD YEAR NORMAL DEPARTURE LAST
                VALUE   (LST)  VALUE       VALUE  FROM      YEAR
                                                  NORMAL
..................................................................
TEMPERATURE (F)
 TODAY
  MAXIMUM         46    926 AM  74    1990  43      3       41
  MINIMUM         38    459 PM  11    1926  29      9       28
                                      1904
  AVERAGE         42                        36      6       35

PRECIPITATION (IN)
  TODAY            0.01          1.02 1958   0.12  -0.11     0.15
  MONTH TO DATE    2.15                      3.29  -1.14     1.23
  SINCE SEP 1      7.18                     10.42  -3.24    11.60
  SINCE JAN 1     33.92                     35.01  -1.09    42.24

SNOWFALL (IN)
  TODAY            0.0           8.8  1958   0.6   -0.6       T
  MONTH TO DATE    1.6                       8.4   -6.8      6.6
  SINCE SEP 1      1.6                       8.8   -7.2      6.6
  SINCE JUL 1      1.6                       8.8   -7.2      6.6
  SNOW DEPTH       0

DEGREE DAYS
 HEATING
  TODAY           23                        29     -6       30
  MONTH TO DATE  527                       673   -146      783
  SINCE SEP 1   1053                      1264   -211     1213
  SINCE JUL 1   1055                      1290   -235     1218

 COOLING
  TODAY            0                         0      0        0
  MONTH TO DATE    0                         0      0        0
  SINCE SEP 1     94                        56     38       54
  SINCE JAN 1    991                       569    422      622
..................................................................


WIND (MPH)
  HIGHEST WIND SPEED    21   HIGHEST WIND DIRECTION     W (280)
  HIGHEST GUST SPEED    27   HIGHEST GUST DIRECTION     W (290)
  AVERAGE WIND SPEED    11.1


SKY COVER
  POSSIBLE SUNSHINE  MM
  AVERAGE SKY COVER 0.8


WEATHER CONDITIONS
 THE FOLLOWING WEATHER WAS RECORDED TODAY.
  LIGHT RAIN


RELATIVE HUMIDITY (PERCENT)
 HIGHEST    82           200 AM
 LOWEST     53           200 PM
 AVERAGE    68

..........................................................


THE SYRACUSE NY CLIMATE NORMALS FOR TOMORROW
                         NORMAL    RECORD    YEAR
 MAXIMUM TEMPERATURE (F)   43        70      2005
 MINIMUM TEMPERATURE (F)   29         9      1903


SUNRISE AND SUNSET
NOVEMBER 28 2020......SUNRISE   714 AM EST   SUNSET   431 PM EST
NOVEMBER 29 2020......SUNRISE   715 AM EST   SUNSET   431 PM EST


-  INDICATES NEGATIVE NUMBERS.
R  INDICATES RECORD WAS SET OR TIED.
MM INDICATES DATA IS MISSING.
T  INDICATES TRACE AMOUNT.




$$
