328
CDKA40 PTYA 261600
CLIT11
DAILY CLIMATE REPORT
NATIONAL WEATHER SERVICE YAP FM
2AM LST FRI NOV 27 2020
THE YAP FM CLIMATE SUMMARY FOR NOVEMBER 26 2020
CLIMATE NORMAL PERIOD  1981  TO 2010
CLIMATE RECORD PERIOD  1951  TO 2020
WEATHER ITEM OBSERVED TIME  RECORD YEAR NORMAL DEPARTURE     LAST
              VALUE   (LST) VALUE       VALUE    FROM        YEAR
                                                NORMAL
TEMPERATURE   (F)
YESTERDAY
MAXIMUM       88  1445       97  2014      88      0         88
MINIMUM       78  0245       63  1999      78      0         80
AVERAGE       83                           83      0         84
PRECIPITATION INCHES
YESTERDAY      0.07        164.24/1996   0.29    -0.22      0.55
MONTH TO DATE 16.68                      7.94     8.74      8.68
SINCE 01 SEP  40.37                     33.95     6.42     25.04
SINCE JAN 01  95.85                    110.50   -14.65     95.43
