318
CDKA40 PTYA 111600
CLIT11
DAILY CLIMATE REPORT
NATIONAL WEATHER SERVICE YAP FM
2AM LST SAT JUN 12 2021
THE YAP FM CLIMATE SUMMARY FOR JUNE 11 2021
CLIMATE NORMAL PERIOD  1991  TO 2020
CLIMATE RECORD PERIOD  1951  TO 2021
WEATHER ITEM OBSERVED TIME  RECORD YEAR NORMAL DEPARTURE     LAST
              VALUE   (LST) VALUE       VALUE    FROM        YEAR
                                                NORMAL
TEMPERATURE   (F)
YESTERDAY
MAXIMUM       87  1245       97  2014      89      -2        86
MINIMUM       78  0445       63  1999      76       2        76
AVERAGE       83                           82       1        81
PRECIPITATION INCHES
YESTERDAY           0.52      164.24/1996   0.39     0.13       T
MONTH TO DATE       5.35                    3.96     1.39      7.19
SINCE 01 JUN        5.35                    3.96     1.39      7.19
SINCE JAN 01       60.44                   38.72    21.72     25.79
