000
CDUS44 KBMX 130809
CLITCL

CLIMATE REPORT
NATIONAL WEATHER SERVICE BIRMINGHAM AL
309 AM CDT SUN JUN 13 2021

...................................

...THE TUSCALOOSA CLIMATE SUMMARY FOR JUNE 12 2021...

CLIMATE NORMAL PERIOD 1991 TO 2020
CLIMATE RECORD PERIOD 1948 TO 2021


WEATHER ITEM   OBSERVED TIME   RECORD YEAR NORMAL DEPARTURE LAST
                VALUE   (LST)  VALUE       VALUE  FROM      YEAR
                                                  NORMAL
...................................................................
TEMPERATURE (F)
 YESTERDAY
  MAXIMUM         90    253 PM 101    1953  89      1       89
  MINIMUM         69   1159 PM  53    1988  69      0       62
  AVERAGE         80                        79      1       76

PRECIPITATION (IN)
  YESTERDAY        1.09R         1.01 1987   0.16   0.93     0.00
  MONTH TO DATE    6.82                      1.73   5.09     1.69
  SINCE JUN 1      6.82                      1.73   5.09     1.69
  SINCE JAN 1     31.28                     25.53   5.75    42.06

DEGREE DAYS
 COOLING
  YESTERDAY       15                        14      1       11
  MONTH TO DATE  150                       151     -1      169
  SINCE JUN 1    150                       151     -1      169
  SINCE JAN 1    479                       489    -10      533
...................................................................


WIND (MPH)
  HIGHEST WIND SPEED    30   HIGHEST WIND DIRECTION     N (10)
  HIGHEST GUST SPEED    42   HIGHEST GUST DIRECTION     N (350)
  AVERAGE WIND SPEED     4.4


SKY COVER
  AVERAGE SKY COVER 0.3


WEATHER CONDITIONS
THE FOLLOWING WEATHER WAS RECORDED YESTERDAY.
  THUNDERSTORM
  HEAVY RAIN
  LIGHT RAIN
  FOG
  FOG W/VISIBILITY <= 1/4 MILE


RELATIVE HUMIDITY (PERCENT)
 HIGHEST   100          1200 AM
 LOWEST     74           400 PM
 AVERAGE    87

..........................................................


THE TUSCALOOSA CLIMATE NORMALS FOR TODAY
                         NORMAL    RECORD    YEAR
 MAXIMUM TEMPERATURE (F)   89       101      1952
 MINIMUM TEMPERATURE (F)   69        50      1985


SUNRISE AND SUNSET
JUNE 13 2021..........SUNRISE   541 AM CDT   SUNSET   801 PM CDT
JUNE 14 2021..........SUNRISE   541 AM CDT   SUNSET   801 PM CDT


-  INDICATES NEGATIVE NUMBERS.
R  INDICATES RECORD WAS SET OR TIED.
MM INDICATES DATA IS MISSING.
T  INDICATES TRACE AMOUNT.




$$
