000
CDUS44 KBMX 280920
CLITCL

CLIMATE REPORT
NATIONAL WEATHER SERVICE BIRMINGHAM AL
320 AM CST SAT NOV 28 2020

...................................

...THE TUSCALOOSA CLIMATE SUMMARY FOR NOVEMBER 27 2020...

CLIMATE NORMAL PERIOD 1981 TO 2010
CLIMATE RECORD PERIOD 1948 TO 2020


WEATHER ITEM   OBSERVED TIME   RECORD YEAR NORMAL DEPARTURE LAST
                VALUE   (LST)  VALUE       VALUE  FROM      YEAR
                                                  NORMAL
...................................................................
TEMPERATURE (F)
 YESTERDAY
  MAXIMUM         68    203 PM  84    1973  63      5       71
  MINIMUM         42    632 AM  23    1950  40      2       47
  AVERAGE         55                        51      4       59

PRECIPITATION (IN)
  YESTERDAY        0.19          2.55 2001   0.21  -0.02     0.50
  MONTH TO DATE    0.59                      4.44  -3.85     2.76
  SINCE SEP 1      5.77                     11.47  -5.70    16.05
  SINCE JAN 1     60.61                     47.34  13.27    56.14

SNOWFALL (IN)
  YESTERDAY        0.0                       0.0    0.0
  MONTH TO DATE    0.0                       0.0    0.0
  SINCE SEP 1      0.0                       0.0    0.0
  SINCE JUL 1      0.0                       0.0    0.0

DEGREE DAYS
 HEATING
  YESTERDAY       10                        14     -4        6
  MONTH TO DATE  188                       275    -87      381
  SINCE SEP 1    234                       392   -158      469
  SINCE JUL 1    234                       392   -158      469
...................................................................


WIND (MPH)
  HIGHEST WIND SPEED    14   HIGHEST WIND DIRECTION     W (250)
  HIGHEST GUST SPEED    17   HIGHEST GUST DIRECTION     W (250)
  AVERAGE WIND SPEED     2.0


SKY COVER
  AVERAGE SKY COVER 0.7


WEATHER CONDITIONS
THE FOLLOWING WEATHER WAS RECORDED YESTERDAY.
  THUNDERSTORM
  RAIN
  LIGHT RAIN
  FOG
  HAZE


RELATIVE HUMIDITY (PERCENT)
 HIGHEST   100           400 AM
 LOWEST     67          1000 AM
 AVERAGE    84

..........................................................


THE TUSCALOOSA CLIMATE NORMALS FOR TODAY
                         NORMAL    RECORD    YEAR
 MAXIMUM TEMPERATURE (F)   63        76      1949
                                             2001
 MINIMUM TEMPERATURE (F)   39        21      1950


SUNRISE AND SUNSET
NOVEMBER 28 2020......SUNRISE   634 AM CST   SUNSET   443 PM CST
NOVEMBER 29 2020......SUNRISE   635 AM CST   SUNSET   443 PM CST


-  INDICATES NEGATIVE NUMBERS.
R  INDICATES RECORD WAS SET OR TIED.
MM INDICATES DATA IS MISSING.
T  INDICATES TRACE AMOUNT.




$$
