387
CDUS42 KTAE 282235
CLITLH

CLIMATE REPORT
NATIONAL WEATHER SERVICE TALLAHASSEE FL
535 PM EST SAT NOV 28 2020

...................................

...THE TALLAHASSEE CLIMATE SUMMARY FOR NOVEMBER 28 2020...
VALID TODAY AS OF 0500 PM LOCAL TIME.

CLIMATE NORMAL PERIOD 1981 TO 2010
CLIMATE RECORD PERIOD 1896 TO 2020


WEATHER ITEM   OBSERVED TIME   RECORD YEAR NORMAL DEPARTURE LAST
                VALUE   (LST)  VALUE       VALUE  FROM      YEAR
                                                  NORMAL
...................................................................
TEMPERATURE (F)
 TODAY
  MAXIMUM         72    155 PM  85    1994  69      3       78
  MINIMUM         69    459 PM  23    1956  44     25       52
  AVERAGE         71                        57     14       65

PRECIPITATION (IN)
  TODAY            0.66          2.57 1903   0.13   0.53     0.00
  MONTH TO DATE    2.91                      3.23  -0.32     0.87
  SINCE SEP 1     14.47                     11.15   3.32     5.22
  SINCE JAN 1     56.92                     55.06   1.86    35.59

SNOWFALL (IN)
  TODAY            0.0                       0.0    0.0

DEGREE DAYS
 HEATING
  TODAY            0                               -9
  MONTH TO DATE   72                              -99
  SINCE SEP 1     77                             -141
  SINCE JUL 1     77                             -141

 COOLING
  TODAY            6                                5
  MONTH TO DATE  135                               90
  SINCE SEP 1    872                              247
  SINCE JAN 1   3207                              629
...................................................................


WIND (MPH)
  HIGHEST WIND SPEED    14   HIGHEST WIND DIRECTION     N (360)
  HIGHEST GUST SPEED    19   HIGHEST GUST DIRECTION     N (350)
  AVERAGE WIND SPEED     6.1


RELATIVE HUMIDITY (PERCENT)
 HIGHEST   100
 LOWEST     71
 AVERAGE    86

..........................................................


THE TALLAHASSEE CLIMATE NORMALS FOR TOMORROW
                         NORMAL    RECORD    YEAR
 MAXIMUM TEMPERATURE (F)   69        83      1931
 MINIMUM TEMPERATURE (F)   44        25      2002


SUNRISE AND SUNSET
NOVEMBER 28 2020......SUNRISE   714 AM EST   SUNSET   537 PM EST
NOVEMBER 29 2020......SUNRISE   715 AM EST   SUNSET   536 PM EST


-  INDICATES NEGATIVE NUMBERS.
R  INDICATES RECORD WAS SET OR TIED.
MM INDICATES DATA IS MISSING.
T  INDICATES TRACE AMOUNT.




$$
