000
CDUS44 KBMX 280920
CLITOI

CLIMATE REPORT
NATIONAL WEATHER SERVICE BIRMINGHAM AL
320 AM CST SAT NOV 28 2020

...................................

...THE TROY CLIMATE SUMMARY FOR NOVEMBER 27 2020...

CLIMATE NORMAL PERIOD 1981 TO 2010
CLIMATE RECORD PERIOD 9999 TO 9999


WEATHER ITEM   OBSERVED TIME   RECORD YEAR NORMAL DEPARTURE LAST
                VALUE   (LST)  VALUE       VALUE  FROM      YEAR
                                                  NORMAL
...................................................................
TEMPERATURE (F)
 YESTERDAY
  MAXIMUM         74    204 PM  MM      MM  65      9       73
  MINIMUM         61    253 AM  MM      MM  40     21       50
  AVERAGE         68                        52     16       62

PRECIPITATION (IN)
  YESTERDAY        1.33                      0.17   1.16     1.00
  MONTH TO DATE    2.96                      4.01  -1.05     3.41
  SINCE SEP 1     16.27                     11.20   5.07     8.65
  SINCE JAN 1     54.48                     49.15   5.33    39.59

SNOWFALL (IN)
  YESTERDAY        0.0                      MM     MM        0.0
  MONTH TO DATE    0.0                       0.0    0.0      0.0
  SINCE SEP 1      0.0                      MM     MM        0.0
  SINCE JUL 1      0.0                      MM     MM        0.0
  SNOW DEPTH      MM

DEGREE DAYS
 HEATING
  YESTERDAY        0                        13    -13        3
  MONTH TO DATE  102                       254   -152      344
  SINCE SEP 1    130                       352   -222      393
  SINCE JUL 1    130                       352   -222      393
...................................................................


WIND (MPH)
  HIGHEST WIND SPEED    16   HIGHEST WIND DIRECTION    NW (320)
  HIGHEST GUST SPEED    23   HIGHEST GUST DIRECTION    NW (320)
  AVERAGE WIND SPEED     1.6


SKY COVER
  AVERAGE SKY COVER 0.8


WEATHER CONDITIONS
THE FOLLOWING WEATHER WAS RECORDED YESTERDAY.
  THUNDERSTORM
  HEAVY RAIN
  RAIN
  LIGHT RAIN
  FOG


RELATIVE HUMIDITY (PERCENT)
 HIGHEST    93           700 PM
 LOWEST     76           100 PM
 AVERAGE    85

..........................................................


THE TROY CLIMATE NORMALS FOR TODAY
                         NORMAL    RECORD    YEAR
 MAXIMUM TEMPERATURE (F)   65        MM        MM
 MINIMUM TEMPERATURE (F)   40        MM        MM


SUNRISE AND SUNSET
NOVEMBER 28 2020......SUNRISE   624 AM CST   SUNSET   440 PM CST
NOVEMBER 29 2020......SUNRISE   625 AM CST   SUNSET   440 PM CST


-  INDICATES NEGATIVE NUMBERS.
R  INDICATES RECORD WAS SET OR TIED.
MM INDICATES DATA IS MISSING.
T  INDICATES TRACE AMOUNT.




$$
