000
CDUS44 KBMX 130809
CLITOI

CLIMATE REPORT
NATIONAL WEATHER SERVICE BIRMINGHAM AL
309 AM CDT SUN JUN 13 2021

...................................

...THE TROY CLIMATE SUMMARY FOR JUNE 12 2021...

CLIMATE NORMAL PERIOD 1991 TO 2020
CLIMATE RECORD PERIOD 9999 TO 9999


WEATHER ITEM   OBSERVED TIME   RECORD YEAR NORMAL DEPARTURE LAST
                VALUE   (LST)  VALUE       VALUE  FROM      YEAR
                                                  NORMAL
...................................................................
TEMPERATURE (F)
 YESTERDAY
  MAXIMUM         93    144 PM  MM      MM  89      4       90
  MINIMUM         73   1159 PM  MM      MM  67      6       63
  AVERAGE         83                        78      5       77

PRECIPITATION (IN)
  YESTERDAY        0.77                      0.16   0.61     0.00
  MONTH TO DATE    3.06                      1.88   1.18     2.28
  SINCE JUN 1      3.06                      1.88   1.18     2.28
  SINCE JAN 1     28.36                     23.79   4.57    27.81

DEGREE DAYS
 COOLING
  YESTERDAY       18                        13      5       12
  MONTH TO DATE  180                       141     39      176
  SINCE JUN 1    180                       141     39      176
  SINCE JAN 1    590                       465    125      651
...................................................................


WIND (MPH)
  HIGHEST WIND SPEED    26   HIGHEST WIND DIRECTION     W (290)
  HIGHEST GUST SPEED    42   HIGHEST GUST DIRECTION     W (290)
  AVERAGE WIND SPEED     5.2


SKY COVER
  AVERAGE SKY COVER 0.4


WEATHER CONDITIONS
THE FOLLOWING WEATHER WAS RECORDED YESTERDAY.
  THUNDERSTORM
  HEAVY RAIN
  RAIN
  LIGHT RAIN
  FOG


RELATIVE HUMIDITY (PERCENT)
 HIGHEST    88           500 AM
 LOWEST     61          1000 AM
 AVERAGE    75

..........................................................


THE TROY CLIMATE NORMALS FOR TODAY
                         NORMAL    RECORD    YEAR
 MAXIMUM TEMPERATURE (F)   89        MM        MM
 MINIMUM TEMPERATURE (F)   67        MM        MM


SUNRISE AND SUNSET
JUNE 13 2021..........SUNRISE   538 AM CDT   SUNSET   751 PM CDT
JUNE 14 2021..........SUNRISE   538 AM CDT   SUNSET   751 PM CDT


-  INDICATES NEGATIVE NUMBERS.
R  INDICATES RECORD WAS SET OR TIED.
MM INDICATES DATA IS MISSING.
T  INDICATES TRACE AMOUNT.




$$
