719
CDUS43 KTOP 130634
CLITOP

CLIMATE REPORT
NATIONAL WEATHER SERVICE TOPEKA KS
134 AM CDT SUN JUN 13 2021

...................................

...THE TOPEKA KS CLIMATE SUMMARY FOR JUNE 12 2021...

CLIMATE NORMAL PERIOD 1991 TO 2020
CLIMATE RECORD PERIOD 1887 TO 2021


WEATHER ITEM   OBSERVED TIME   RECORD YEAR NORMAL DEPARTURE LAST
                VALUE   (LST)  VALUE       VALUE  FROM      YEAR
                                                  NORMAL
...................................................................
TEMPERATURE (F)
 YESTERDAY
  MAXIMUM         87    502 PM 102    1953  85      2       93
  MINIMUM         66   1159 PM  48    1896  65      1       66
  AVERAGE         77                        75      2       80

PRECIPITATION (IN)
  YESTERDAY        0.00          2.86 1966   0.17  -0.17     0.00
  MONTH TO DATE    0.77                      2.14  -1.37     0.79
  SINCE JUN 1      0.77                      2.14  -1.37     0.79
  SINCE JAN 1     16.41                     15.57   0.84    15.94

SNOWFALL (IN)
  YESTERDAY        0.0           T    2008   0.0    0.0      0.0
  MONTH TO DATE    0.0                       0.0    0.0      0.0
  SINCE JAN 1     14.9                      11.6    3.3      5.2
  SINCE JUL 1     15.5                      17.1   -1.6     11.7
  SNOW DEPTH       0

DEGREE DAYS
 HEATING
  YESTERDAY        0                         0      0        0
  MONTH TO DATE    0                         3     -3        0
  SINCE JUN 1      0                         3     -3        0
  SINCE JUL 1   4814                      4857    -43     4727

 COOLING
  YESTERDAY       12                        10      2       15
  MONTH TO DATE  125                       104     21      170
  SINCE JUN 1    125                       104     21      170
  SINCE JAN 1    221                       248    -27      260
...................................................................


WIND (MPH)
  HIGHEST WIND SPEED    16   HIGHEST WIND DIRECTION    NE (40)
  HIGHEST GUST SPEED    21   HIGHEST GUST DIRECTION    NE (30)
  AVERAGE WIND SPEED     5.8


SKY COVER
  AVERAGE SKY COVER 0.2


WEATHER CONDITIONS
THE FOLLOWING WEATHER WAS RECORDED YESTERDAY.
  NO SIGNIFICANT WEATHER WAS OBSERVED.


RELATIVE HUMIDITY (PERCENT)
 HIGHEST    91           400 AM
 LOWEST     43           400 PM
 AVERAGE    67

..........................................................


THE TOPEKA KS CLIMATE NORMALS FOR TODAY
                         NORMAL    RECORD    YEAR
 MAXIMUM TEMPERATURE (F)   86       107      1953
 MINIMUM TEMPERATURE (F)   65        44      1985


SUNRISE AND SUNSET
JUNE 13 2021..........SUNRISE   556 AM CDT   SUNSET   849 PM CDT
JUNE 14 2021..........SUNRISE   556 AM CDT   SUNSET   850 PM CDT


-  INDICATES NEGATIVE NUMBERS.
R  INDICATES RECORD WAS SET OR TIED.
MM INDICATES DATA IS MISSING.
T  INDICATES TRACE AMOUNT.




$$
