000
CDUS42 KTBW 130835
CLITPA

CLIMATE REPORT
NATIONAL WEATHER SERVICE TAMPA BAY FL
435 AM EDT SUN JUN 13 2021

...................................

...THE TAMPA CLIMATE SUMMARY FOR JUNE 12 2021...

CLIMATE NORMAL PERIOD: 1991 TO 2020
CLIMATE RECORD PERIOD: 1890 TO 2021


WEATHER ITEM   OBSERVED TIME   RECORD YEAR NORMAL DEPARTURE LAST
                VALUE   (LST)  VALUE       VALUE  FROM      YEAR
                                                  NORMAL
...................................................................
TEMPERATURE (F)
 YESTERDAY
  MAXIMUM         92   2:19 PM  98    1977  91      1       93
                                      2010
  MINIMUM         80   4:33 AM  63    1913  75      5       76
                                      1960
  AVERAGE         86                        83      3       85

PRECIPITATION (IN)
  YESTERDAY        0.00          4.66 1930   0.25  -0.25     0.02
  MONTH TO DATE    2.18                      2.39  -0.21     4.45
  SINCE JUN 1      2.18                      2.39  -0.21     4.45
  SINCE JAN 1     11.32                     15.33  -4.01    14.84

DEGREE DAYS
 HEATING
  YESTERDAY        0                         0      0        0
  MONTH TO DATE    0                         0      0        0
  SINCE JUN 1      0                         0      0        0
  SINCE JUL 1    361                       433    -72      253

 COOLING
  YESTERDAY       21                        18      3       20
  MONTH TO DATE  235                       209     26      220
  SINCE JUN 1    235                       209     26      220
  SINCE JAN 1   1400                      1227    173     1522
...................................................................


WIND (MPH)
  RESULTANT WIND SPEED   8   RESULTANT WIND DIRECTION   W (270)
  HIGHEST WIND SPEED    16   HIGHEST WIND DIRECTION     W (270)
  HIGHEST GUST SPEED    22   HIGHEST GUST DIRECTION     W (260)
  AVERAGE WIND SPEED     8.0


SKY COVER
  POSSIBLE SUNSHINE  MM
  AVERAGE SKY COVER 0.4


WEATHER CONDITIONS
THE FOLLOWING WEATHER WAS RECORDED YESTERDAY.
  NO SIGNIFICANT WEATHER WAS OBSERVED.


RELATIVE HUMIDITY (PERCENT)
 HIGHEST    77           5:00 AM
 LOWEST     55           5:00 PM
 AVERAGE    66

..........................................................


THE TAMPA CLIMATE NORMALS FOR TODAY
                         NORMAL    RECORD    YEAR
 MAXIMUM TEMPERATURE (F)   91        96      2010
 MINIMUM TEMPERATURE (F)   75        59      1913


SUNRISE AND SUNSET
JUNE 13 2021..........SUNRISE   6:33 AM EDT   SUNSET   8:27 PM EDT
JUNE 14 2021..........SUNRISE   6:33 AM EDT   SUNSET   8:28 PM EDT


-  INDICATES NEGATIVE NUMBERS.
R  INDICATES RECORD WAS SET OR TIED.
MM INDICATES DATA IS MISSING.
T  INDICATES TRACE AMOUNT.

&&
------------------------------------------------------------------
******************** SUPPLEMENTAL DATA ***************************

...RUSKIN                HIGH 90    LOW 74    PCPN 0.00
...SARASOTA/BRADENTON    HIGH 90    LOW 77    PCPN 0.00
...ST. PETERSBURG        HIGH 87    LOW 81    PCPN 0.00
...GULF WATER TEMPERATURE AT CLEARWATER BEACH 91 DEGREES


$$
