000
CDUS42 KTBW 280931
CLITPA


CLIMATE REPORT
NATIONAL WEATHER SERVICE TAMPA BAY FL
428 AM EST SAT NOV 28 2020


...................................

...THE TAMPA CLIMATE SUMMARY FOR NOVEMBER 27 2020...

CLIMATE NORMAL PERIOD 1981 TO 2010
CLIMATE RECORD PERIOD 1890 TO 2020


WEATHER ITEM   OBSERVED TIME   RECORD YEAR NORMAL DEPARTURE LAST
                VALUE   (LST)  VALUE       VALUE  FROM      YEAR
                                                  NORMAL
..................................................................
TEMPERATURE (F)
 YESTERDAY
  MAXIMUM         81    422 PM  86    1990  76      5       76
  MINIMUM         66    302 AM  35    1903  58      8       54
  AVERAGE         74                        67      7       65

PRECIPITATION (IN)
  YESTERDAY        0.00          1.28 1893   0.06  -0.06     0.00
  MONTH TO DATE    5.00                      1.35   3.65     0.56
  SINCE SEP 1     12.32                      9.91   2.41     8.96
  SINCE JAN 1     43.66                     43.63   0.03    56.27

DEGREE DAYS
 HEATING
  YESTERDAY        0                         2     -2        0
  MONTH TO DATE    0                        34    -34       28
  SINCE SEP 1      0                        38    -38       28
  SINCE JUL 1      0                        38    -38       28

 COOLING
  YESTERDAY        9                         4      5        0
  MONTH TO DATE  275                       153    122      141
  SINCE SEP 1   1342                      1004    338     1229
  SINCE JAN 1   4484                      3519    965     4147
..................................................................


WIND (MPH)
  RESULTANT WIND SPEED   2   RESULTANT WIND DIRECTION   W (280)
  HIGHEST WIND SPEED    10   HIGHEST WIND DIRECTION     N (340)
  HIGHEST GUST SPEED    13   HIGHEST GUST DIRECTION     W (270)
  AVERAGE WIND SPEED     3.4


SKY COVER
  POSSIBLE SUNSHINE  MM
  AVERAGE SKY COVER 0.4


WEATHER CONDITIONS
 THE FOLLOWING WEATHER WAS RECORDED YESTERDAY.
  NO SIGNIFICANT WEATHER WAS OBSERVED.


RELATIVE HUMIDITY (PERCENT)
 HIGHEST    87           500 AM
 LOWEST     54           300 PM
 AVERAGE    71

..........................................................


THE TAMPA CLIMATE NORMALS FOR TODAY
                         NORMAL    RECORD    YEAR
 MAXIMUM TEMPERATURE (F)   75        86      1990
                                             1960
 MINIMUM TEMPERATURE (F)   58        32      1903


SUNRISE AND SUNSET
NOVEMBER 28 2020......SUNRISE   702 AM EST   SUNSET   534 PM EST
NOVEMBER 29 2020......SUNRISE   703 AM EST   SUNSET   534 PM EST


-  INDICATES NEGATIVE NUMBERS.
R  INDICATES RECORD WAS SET OR TIED.
MM INDICATES DATA IS MISSING.
T  INDICATES TRACE AMOUNT.




$$


&&
------------------------------------------------------------------
******************** SUPPLEMENTAL DATA ***************************

...RUSKIN                HIGH 84    LOW 64    PCPN 0.00
...SARASOTA/BRADENTON    HIGH 81    LOW 65    PCPN 0.00
...ST. PETERSBURG        HIGH 82    LOW 69    PCPN 0.00
...GULF WATER TEMPERATURE AT CLEARWATER BEACH 76 DEGREES
