000
CDUS45 KLKN 040933
CLITPH


CLIMATE REPORT
NATIONAL WEATHER SERVICE ELKO NV
132 AM PST FRI DEC 4 2020


...................................

...THE TONOPAH AIRPORT NV CLIMATE SUMMARY FOR DECEMBER 3 2020...

CLIMATE NORMAL PERIOD 1981 TO 2010
CLIMATE RECORD PERIOD 1954 TO 2020


WEATHER ITEM   OBSERVED TIME   RECORD YEAR NORMAL DEPARTURE LAST
                VALUE   (LST)  VALUE       VALUE  FROM      YEAR
                                                  NORMAL
..................................................................
TEMPERATURE (F)
 YESTERDAY
  MAXIMUM         48    326 PM  66    1977  46      2       41
  MINIMUM         12    641 AM   7    1955  21     -9       25
  AVERAGE         30                        34     -4       33

PRECIPITATION (IN)
  YESTERDAY        0.00          0.16 1954   0.01  -0.01     0.00
  MONTH TO DATE    0.00                      0.03  -0.03     0.00
  SINCE OCT 1      0.13                      0.81  -0.68     0.89
  SINCE JAN 1      1.79                      4.96  -3.17     6.39

DEGREE DAYS
 HEATING
  YESTERDAY       35                        31      4       32
  MONTH TO DATE   88                        93     -5      103
  SINCE DEC 1     88                        93     -5      103
  SINCE JUL 1   1054                      1310   -256     1395

 COOLING
  YESTERDAY        0                         0      0        0
  MONTH TO DATE    0                         0      0        0
  SINCE DEC 1      0                         0      0        0
  SINCE JAN 1   1111                       783    328      854
..................................................................


WIND (MPH)
  HIGHEST WIND SPEED    18   HIGHEST WIND DIRECTION     N (360)
  HIGHEST GUST SPEED    19   HIGHEST GUST DIRECTION     N (360)
  AVERAGE WIND SPEED     7.0



WEATHER CONDITIONS
 THE FOLLOWING WEATHER WAS RECORDED YESTERDAY.
  NO SIGNIFICANT WEATHER WAS OBSERVED.


RELATIVE HUMIDITY (PERCENT)
 HIGHEST    46           100 AM
 LOWEST     10           300 PM
 AVERAGE    28

..........................................................


THE TONOPAH AIRPORT NV CLIMATE NORMALS FOR TODAY
                         NORMAL    RECORD    YEAR
 MAXIMUM TEMPERATURE (F)   46        67      1958
 MINIMUM TEMPERATURE (F)   21         6      2013


SUNRISE AND SUNSET
DECEMBER  4 2020......SUNRISE   649 AM PST   SUNSET   429 PM PST
DECEMBER  5 2020......SUNRISE   650 AM PST   SUNSET   428 PM PST


-  INDICATES NEGATIVE NUMBERS.
R  INDICATES RECORD WAS SET OR TIED.
MM INDICATES DATA IS MISSING.
T  INDICATES TRACE AMOUNT.




$$
