076
CDUS46 KSGX 290123
CLITRM


CLIMATE REPORT
NATIONAL WEATHER SERVICE SAN DIEGO, CA
523 PM PST SAT NOV 28 2020


...................................

...THE THERMAL AIRPORT CA CLIMATE SUMMARY FOR NOVEMBER 28 2020...
VALID TODAY AS OF 0500 PM LOCAL TIME.

CLIMATE NORMAL PERIOD 1981 TO 2010
CLIMATE RECORD PERIOD 1950 TO 2020


WEATHER ITEM   OBSERVED TIME   RECORD YEAR NORMAL DEPARTURE LAST
                VALUE   (LST)  VALUE       VALUE  FROM      YEAR
                                                  NORMAL
..................................................................
TEMPERATURE (F)
 TODAY
  MAXIMUM         75    255 PM  90    1950  74      1       65
  MINIMUM         35    422 AM  24    1994  38     -3       39
  AVERAGE         55                        56     -1       52

PRECIPITATION (IN)
  TODAY            0.00          0.18 2019   0.01  -0.01     0.18
  MONTH TO DATE    T                         0.21  -0.21     0.58
  SINCE OCT 1      T                         0.44  -0.44     0.58
  SINCE JAN 1      3.19                      2.83   0.36     3.57

DEGREE DAYS
 HEATING
  TODAY           10                         9      1       13
  MONTH TO DATE   94                       137    -43       90
  SINCE SEP 1     99                       148    -49      123
  SINCE JUL 1     99                       148    -49      123

 COOLING
  TODAY            0                         0      0        0
  MONTH TO DATE   68                        33     35       47
  SINCE SEP 1   1140                       853    287      910
  SINCE JAN 1   4585                      3686    899     4257
..................................................................


WIND (MPH)
  RESULTANT WIND SPEED   3   RESULTANT WIND DIRECTION   N (340)
  HIGHEST WIND SPEED     9   HIGHEST WIND DIRECTION    SE (120)
  HIGHEST GUST SPEED    13   HIGHEST GUST DIRECTION    SE (140)
  AVERAGE WIND SPEED     4.7


SKY COVER
  POSSIBLE SUNSHINE  MM
  AVERAGE SKY COVER 0.0


WEATHER CONDITIONS
 THE FOLLOWING WEATHER WAS RECORDED TODAY.
  NO SIGNIFICANT WEATHER WAS OBSERVED.


RELATIVE HUMIDITY (PERCENT)
 HIGHEST    40           400 AM
 LOWEST      9          1200 PM
 AVERAGE    25

..........................................................


THE THERMAL AIRPORT CA CLIMATE NORMALS FOR TOMORROW
                         NORMAL    RECORD    YEAR
 MAXIMUM TEMPERATURE (F)   73        90      1953
 MINIMUM TEMPERATURE (F)   38        24      1994


SUNRISE AND SUNSET
NOVEMBER 28 2020......SUNRISE   629 AM PST   SUNSET   437 PM PST
NOVEMBER 29 2020......SUNRISE   630 AM PST   SUNSET   436 PM PST


-  INDICATES NEGATIVE NUMBERS.
R  INDICATES RECORD WAS SET OR TIED.
MM INDICATES DATA IS MISSING.
T  INDICATES TRACE AMOUNT.




$$
