940
CDUS46 KPQR 281142
CLITTD


CLIMATE REPORT
NATIONAL WEATHER SERVICE PORTLAND OREGON
342 AM PST SAT NOV 28 2020


...................................

...THE TROUTDALE OR CLIMATE SUMMARY FOR NOVEMBER 27 2020...

CLIMATE NORMAL PERIOD 1981 TO 2010
CLIMATE RECORD PERIOD 1948 TO 2020


WEATHER ITEM   OBSERVED TIME   RECORD YEAR NORMAL DEPARTURE LAST
                VALUE   (LST)  VALUE       VALUE  FROM      YEAR
                                                  NORMAL
..................................................................
TEMPERATURE (F)
 YESTERDAY
  MAXIMUM         50    223 PM  62    2014  49      1       47
  MINIMUM         34    513 AM  23    1985  37     -3       39
  AVERAGE         42                        43     -1       43

PRECIPITATION (IN)
  YESTERDAY        0.00                      0.25  -0.25     0.00
  MONTH TO DATE    4.85                      6.55  -1.70     1.62
  SINCE OCT 1      7.04                     10.50  -3.46     3.88
  SINCE JAN 1     31.81                     39.07  -7.26    24.46

DEGREE DAYS
 HEATING
  YESTERDAY       23                        22      1       22
  MONTH TO DATE  462                       512    -50      447

 COOLING
  YESTERDAY        0                         0      0        0
  MONTH TO DATE    0                         0      0        0
..................................................................


WIND (MPH)
  HIGHEST WIND SPEED    10   HIGHEST WIND DIRECTION     E (80)
  HIGHEST GUST SPEED    13   HIGHEST GUST DIRECTION     E (80)
  AVERAGE WIND SPEED     2.8


SKY COVER
  POSSIBLE SUNSHINE  MM
  AVERAGE SKY COVER 0.6


WEATHER CONDITIONS
 THE FOLLOWING WEATHER WAS RECORDED YESTERDAY.
  FOG
  FOG W/VISIBILITY <= 1/4 MILE


RELATIVE HUMIDITY (PERCENT)
 HIGHEST   100           100 AM
 LOWEST     71           100 PM
 AVERAGE    86

..........................................................


THE TROUTDALE OR CLIMATE NORMALS FOR TODAY
                         NORMAL    RECORD    YEAR
 MAXIMUM TEMPERATURE (F)   48        60      1995
 MINIMUM TEMPERATURE (F)   36        19      1985


SUNRISE AND SUNSET
NOVEMBER 28 2020......SUNRISE   727 AM PST   SUNSET   429 PM PST
NOVEMBER 29 2020......SUNRISE   728 AM PST   SUNSET   428 PM PST


-  INDICATES NEGATIVE NUMBERS.
R  INDICATES RECORD WAS SET OR TIED.
MM INDICATES DATA IS MISSING.
T  INDICATES TRACE AMOUNT.




$$
