000
CDUS46 KPQR 131143
CLITTD

CLIMATE REPORT
NATIONAL WEATHER SERVICE PORTLAND OREGON
443 AM PDT SUN JUN 13 2021

...................................

...THE TROUTDALE OR CLIMATE SUMMARY FOR JUNE 12 2021...

CLIMATE NORMAL PERIOD 1991 TO 2020
CLIMATE RECORD PERIOD 1948 TO 2021


WEATHER ITEM   OBSERVED TIME   RECORD YEAR NORMAL DEPARTURE LAST
                VALUE   (LST)  VALUE       VALUE  FROM      YEAR
                                                  NORMAL
...................................................................
TEMPERATURE (F)
 YESTERDAY
  MAXIMUM         80    303 PM  97    2019  73      7       62
  MINIMUM         55    453 AM  43    1984  53      2       55
  AVERAGE         68                        63      5       59

PRECIPITATION (IN)
  YESTERDAY        0.38                      0.08   0.30     0.15
  MONTH TO DATE    0.60                      1.03  -0.43     2.36
  SINCE OCT 1     25.45                     36.65 -11.20    27.04
  SINCE JAN 1     13.24                     20.65  -7.41    19.59

DEGREE DAYS
 HEATING
  YESTERDAY        0                         4     -4        6
  MONTH TO DATE   43                        49     -6       48

 COOLING
  YESTERDAY        3                         1      2        0
  MONTH TO DATE   34                        12     22        8
...................................................................


WIND (MPH)
  HIGHEST WIND SPEED    12   HIGHEST WIND DIRECTION     E (90)
  HIGHEST GUST SPEED    15   HIGHEST GUST DIRECTION     W (280)
  AVERAGE WIND SPEED     4.7


WEATHER CONDITIONS
THE FOLLOWING WEATHER WAS RECORDED YESTERDAY.
  HEAVY RAIN
  RAIN
  LIGHT RAIN
  FOG


RELATIVE HUMIDITY (PERCENT)
 HIGHEST    93           500 AM
 LOWEST     36           400 PM
 AVERAGE    65

..........................................................


THE TROUTDALE OR CLIMATE NORMALS FOR TODAY
                         NORMAL    RECORD    YEAR
 MAXIMUM TEMPERATURE (F)   73        97      1986
 MINIMUM TEMPERATURE (F)   53        42      1955


SUNRISE AND SUNSET
JUNE 13 2021..........SUNRISE   520 AM PDT   SUNSET   900 PM PDT
JUNE 14 2021..........SUNRISE   520 AM PDT   SUNSET   900 PM PDT


-  INDICATES NEGATIVE NUMBERS.
R  INDICATES RECORD WAS SET OR TIED.
MM INDICATES DATA IS MISSING.
T  INDICATES TRACE AMOUNT.




$$
