000
CDUS41 KPHI 282129
CLITTN

CLIMATE REPORT
NATIONAL WEATHER SERVICE MOUNT HOLLY NJ
429 PM EST SAT NOV 28 2020

...................................

...THE TRENTON NJ CLIMATE SUMMARY FOR NOVEMBER 28 2020...
VALID TODAY AS OF 0400 PM LOCAL TIME.

CLIMATE NORMAL PERIOD: 1981 TO 2010
CLIMATE RECORD PERIOD: 1865 TO 2020


WEATHER ITEM   OBSERVED TIME   RECORD YEAR NORMAL DEPARTURE LAST
                VALUE   (LST)  VALUE       VALUE  FROM      YEAR
                                                  NORMAL
...................................................................
TEMPERATURE (F)
 TODAY
  MAXIMUM         55   2:43 PM  76    1896  49      6       53
  MINIMUM         44  12:53 AM  14    1930  34     10       36
  AVERAGE         50                        42      8       45

PRECIPITATION (IN)
  TODAY            T             2.83 1993   0.13  -0.13      T
  MONTH TO DATE    2.58                      3.04  -0.46     1.41
  SINCE SEP 1     12.80                     11.49   1.31     8.82
  SINCE JAN 1     37.15                     42.47  -5.32    47.07

DEGREE DAYS
 HEATING
  TODAY           15                        24     -9       20
  MONTH TO DATE  425                       532   -107      665
  SINCE SEP 1    763                       926   -163      912
  SINCE JUL 1    763                       929   -166      912

 COOLING
  TODAY            0                         0      0        0
  MONTH TO DATE    0                         0      0        0
  SINCE SEP 1    118                       109      9      171
  SINCE JAN 1   1190                       965    225     1164
...................................................................


WIND (MPH)
  HIGHEST WIND SPEED    15   HIGHEST WIND DIRECTION     W (290)
  HIGHEST GUST SPEED    21   HIGHEST GUST DIRECTION    NW (310)
  AVERAGE WIND SPEED     5.3


SKY COVER
  POSSIBLE SUNSHINE  MM
  AVERAGE SKY COVER 0.7


WEATHER CONDITIONS
THE FOLLOWING WEATHER WAS RECORDED TODAY.
  LIGHT RAIN


RELATIVE HUMIDITY (PERCENT)
 HIGHEST    90           9:00 AM
 LOWEST     41           4:00 PM
 AVERAGE    66

..........................................................


THE TRENTON NJ CLIMATE NORMALS FOR TOMORROW
                         NORMAL    RECORD    YEAR
 MAXIMUM TEMPERATURE (F)   49        72      1990
 MINIMUM TEMPERATURE (F)   33        14      1929


SUNRISE AND SUNSET
NOVEMBER 28 2020......SUNRISE   7:00 AM EST   SUNSET   4:35 PM EST
NOVEMBER 29 2020......SUNRISE   7:01 AM EST   SUNSET   4:34 PM EST


-  INDICATES NEGATIVE NUMBERS.
R  INDICATES RECORD WAS SET OR TIED.
MM INDICATES DATA IS MISSING.
T  INDICATES TRACE AMOUNT.




$$
