535
CDUS44 KTSA 282231
CLITUL

CLIMATE REPORT
NATIONAL WEATHER SERVICE TULSA OK
431 PM CST SAT NOV 28 2020

...................................

...THE TULSA OKLAHOMA CLIMATE SUMMARY FOR NOVEMBER 28 2020...
VALID TODAY AS OF 0400 PM LOCAL TIME.

CLIMATE NORMAL PERIOD 1981 TO 2010
CLIMATE RECORD PERIOD 1882 TO 2020


WEATHER ITEM   OBSERVED TIME   RECORD YEAR NORMAL DEPARTURE LAST
                VALUE   (LST)  VALUE       VALUE  FROM      YEAR
                                                  NORMAL
...................................................................
TEMPERATURE (F)
 TODAY
  MAXIMUM         52    259 PM  81    1949  55     -3       42
  MINIMUM         30    633 AM  13    1976  34     -4       39
  AVERAGE         41                        44     -3       41

PRECIPITATION (IN)
  TODAY            0.00          2.60 1908   0.08  -0.08     0.26
  MONTH TO DATE    1.85                      2.64  -0.79     4.00
  SINCE SEP 1     11.32                     10.83   0.49    13.82
  SINCE JAN 1     43.97                     38.31   5.66    57.88

SNOWFALL (IN)
  TODAY            0.0                                       0.0
  MONTH TO DATE    0.0                                       0.1
  SINCE SEP 1      0.0                                       0.1
  SINCE JUL 1      0.0                                       0.1

DEGREE DAYS
 HEATING
  TODAY           24                        21      3       24
  MONTH TO DATE  275                       408   -133      482
  SINCE SEP 1    530                       594    -64      745
  SINCE JUL 1    530                       594    -64      745
...................................................................


WIND (MPH)
  HIGHEST WIND SPEED    10   HIGHEST WIND DIRECTION     E (100)
  HIGHEST GUST SPEED    14   HIGHEST GUST DIRECTION    SE (120)
  AVERAGE WIND SPEED     3.6


SKY COVER
  POSSIBLE SUNSHINE  MM
  AVERAGE SKY COVER 0.3


WEATHER CONDITIONS
THE FOLLOWING WEATHER WAS RECORDED TODAY.
  HAZE


RELATIVE HUMIDITY (PERCENT)
 HIGHEST    89           400 AM
 LOWEST     44           200 PM
 AVERAGE    67

..........................................................


THE TULSA OKLAHOMA CLIMATE NORMALS FOR TOMORROW
                         NORMAL    RECORD    YEAR
 MAXIMUM TEMPERATURE (F)   54        82      1927
 MINIMUM TEMPERATURE (F)   34        10      1976


SUNRISE AND SUNSET
NOVEMBER 28 2020......SUNRISE   714 AM CST   SUNSET   509 PM CST
NOVEMBER 29 2020......SUNRISE   715 AM CST   SUNSET   509 PM CST


-  INDICATES NEGATIVE NUMBERS.
R  INDICATES RECORD WAS SET OR TIED.
MM INDICATES DATA IS MISSING.
T  INDICATES TRACE AMOUNT.




$$
