000
CDUS44 KMEG 282256
CLITUP

CLIMATE REPORT
NATIONAL WEATHER SERVICE MEMPHIS TN
456 PM CST SAT NOV 28 2020

...................................

...THE TUPELO CLIMATE SUMMARY FOR NOVEMBER 28 2020...
VALID TODAY AS OF 0400 PM LOCAL TIME.

CLIMATE NORMAL PERIOD 1981 TO 2010
CLIMATE RECORD PERIOD 1930 TO 2020


WEATHER ITEM   OBSERVED TIME   RECORD YEAR NORMAL DEPARTURE LAST
                VALUE   (LST)  VALUE       VALUE  FROM      YEAR
                                                  NORMAL
...................................................................
TEMPERATURE (F)
 TODAY
  MAXIMUM         58    254 PM  76    1970  59     -1       56
  MINIMUM         48    557 AM  17    1938  38     10       40
                                      2013
  AVERAGE         53                        48      5       48

PRECIPITATION (IN)
  TODAY            0.00          2.32 1982   0.20  -0.20     0.00
  MONTH TO DATE    0.59                      4.30  -3.71     4.13
  SINCE SEP 1     10.37                     11.86  -1.49    10.98
  SINCE JAN 1     65.47                     48.33  17.14    69.35

SNOWFALL (IN)
  TODAY            0.0

DEGREE DAYS
 HEATING
  TODAY           12                        17     -5       17
  MONTH TO DATE  229                       341   -112      467
  SINCE SEP 1    311                       489   -178      590
  SINCE JUL 1    311                       489   -178      590

 COOLING
  TODAY            0                         0      0        0
  MONTH TO DATE   16                         9      7        0
  SINCE SEP 1    415                       370     45      654
  SINCE JAN 1   2203                      2042    161     2487
...................................................................


WIND (MPH)
  HIGHEST WIND SPEED    17   HIGHEST WIND DIRECTION     N (10)
  HIGHEST GUST SPEED    22   HIGHEST GUST DIRECTION     N (20)
  AVERAGE WIND SPEED     9.0


SKY COVER
  POSSIBLE SUNSHINE  MM
  AVERAGE SKY COVER 0.6


WEATHER CONDITIONS
THE FOLLOWING WEATHER WAS RECORDED TODAY.
  NO SIGNIFICANT WEATHER WAS OBSERVED.


RELATIVE HUMIDITY (PERCENT)
 HIGHEST    87          1200 AM
 LOWEST     57           300 PM
 AVERAGE    72

..........................................................


THE TUPELO CLIMATE NORMALS FOR TOMORROW
                         NORMAL    RECORD    YEAR
 MAXIMUM TEMPERATURE (F)   59        78      1970
 MINIMUM TEMPERATURE (F)   38        17      1955


SUNRISE AND SUNSET
NOVEMBER 28 2020......SUNRISE   641 AM CST   SUNSET   446 PM CST
NOVEMBER 29 2020......SUNRISE   642 AM CST   SUNSET   445 PM CST


-  INDICATES NEGATIVE NUMBERS.
R  INDICATES RECORD WAS SET OR TIED.
MM INDICATES DATA IS MISSING.
T  INDICATES TRACE AMOUNT.




$$
