000
CDUS45 KTWC 290731
CLITUS

CLIMATE REPORT
NATIONAL WEATHER SERVICE TUCSON AZ
1231 AM MST SUN NOV 29 2020

...................................

...THE TUCSON AZ CLIMATE SUMMARY FOR NOVEMBER 28 2020...

CLIMATE NORMAL PERIOD 1981 TO 2010
CLIMATE RECORD PERIOD 1895 TO 2020


WEATHER ITEM   OBSERVED TIME   RECORD YEAR NORMAL DEPARTURE LAST
                VALUE   (LST)  VALUE       VALUE  FROM      YEAR
                                                  NORMAL
...................................................................
TEMPERATURE (F)
 YESTERDAY
  MAXIMUM         68    431 PM  85    1945  69     -1       66
                                      2014
  MINIMUM         32    546 AM  24    1934  42    -10       53
  AVERAGE         50                        55     -5       60

PRECIPITATION (IN)
  YESTERDAY        0.00          0.92 1919   0.02  -0.02     0.00
  MONTH TO DATE    0.15                      0.52  -0.37     1.51
  SINCE OCT 1      0.15                      1.41  -1.26     1.52
  SINCE JAN 1      3.92                     10.61  -6.69    11.61

SNOWFALL (IN)
  YESTERDAY       MM
  MONTH TO DATE   MM
  SINCE JUL 1     MM

DEGREE DAYS
 HEATING
  YESTERDAY       15                        10      5        5
  MONTH TO DATE  119                       163    -44       72
  SINCE SEP 1    162                       187    -25       99
  SINCE JUL 1    162                       187    -25       99

 COOLING
  YESTERDAY        0                         0      0        0
  MONTH TO DATE  132                        25    107       72
  SINCE SEP 1   1155                       734    421      832
  SINCE JAN 1   4147                      3144   1003     3368
...................................................................


WIND (MPH)
  HIGHEST WIND SPEED    17   HIGHEST WIND DIRECTION    SE (140)
  HIGHEST GUST SPEED    23   HIGHEST GUST DIRECTION    SE (140)
  AVERAGE WIND SPEED     5.1


SKY COVER
  POSSIBLE SUNSHINE  MM
  AVERAGE SKY COVER 0.0


WEATHER CONDITIONS
THE FOLLOWING WEATHER WAS RECORDED YESTERDAY.
  HAZE


RELATIVE HUMIDITY (PERCENT)
 HIGHEST    53           700 AM
 LOWEST     17           300 PM
 AVERAGE    35

..........................................................


THE TUCSON AZ CLIMATE NORMALS FOR TODAY
                         NORMAL    RECORD    YEAR
 MAXIMUM TEMPERATURE (F)   68        87      1999
 MINIMUM TEMPERATURE (F)   42        23      1934


SUNRISE AND SUNSET
NOVEMBER 29 2020......SUNRISE   705 AM MST   SUNSET   519 PM MST
NOVEMBER 30 2020......SUNRISE   706 AM MST   SUNSET   519 PM MST


-  INDICATES NEGATIVE NUMBERS.
R  INDICATES RECORD WAS SET OR TIED.
MM INDICATES DATA IS MISSING.
T  INDICATES TRACE AMOUNT.




$$
