459
CDUS43 KAPX 260528
CLITVC

CLIMATE REPORT
NATIONAL WEATHER SERVICE
1228 AM EST THU NOV 26 2020

...................................

...THE TRAVERSE CITY MI CLIMATE SUMMARY FOR NOVEMBER 25 2020...

CLIMATE NORMAL PERIOD: 1981 TO 2010
CLIMATE RECORD PERIOD: 1896 TO 2020


WEATHER ITEM   OBSERVED TIME   RECORD YEAR NORMAL DEPARTURE LAST
                VALUE   (LST)  VALUE       VALUE  FROM      YEAR
                                                  NORMAL
...................................................................
TEMPERATURE (F)
 YESTERDAY
  MAXIMUM         41   6:54 PM  60          40      1       51
  MINIMUM         34  12:22 AM  M5          28      6       28
  AVERAGE         38                        34      4       40

PRECIPITATION (IN)
  YESTERDAY        0.10          0.52        0.08   0.02     0.02
  MONTH TO DATE    1.47                      2.28  M0.81     1.43
  SINCE SEP 1     10.67                      9.03   1.64    11.15
  SINCE JAN 1     33.37                     30.14   3.23    29.94

DEGREE DAYS
 HEATING
  YESTERDAY       27                        31     M4       25
  MONTH TO DATE  479                       668   M189      803
  SINCE SEP 1   1223                      1386   M163     1376
  SINCE JUL 1   1233                      1455   M222     1404

 COOLING
  YESTERDAY        0                         0      0        0
  MONTH TO DATE    8                         0      8        0
  SINCE SEP 1     40                        42     M2       71
  SINCE JAN 1    716                       411    305      476
...................................................................


WIND (MPH)
  HIGHEST WIND SPEED    10   HIGHEST WIND DIRECTION    NE (40)
  HIGHEST GUST SPEED    15   HIGHEST GUST DIRECTION    NE (50)
  AVERAGE WIND SPEED     2.8


RELATIVE HUMIDITY (PERCENT)
 HIGHEST    93
 LOWEST     85
 AVERAGE    89

..........................................................


THE TRAVERSE CITY MI CLIMATE NORMALS FOR TODAY
                         NORMAL    RECORD    YEAR
 MAXIMUM TEMPERATURE (F)   39        63      1960
 MINIMUM TEMPERATURE (F)   27         3      1974


SUNRISE AND SUNSET
NOVEMBER 26 2020......SUNRISE   7:54 AM EST   SUNSET   5:05 PM EST
NOVEMBER 27 2020......SUNRISE   7:55 AM EST   SUNSET   5:05 PM EST


M  INDICATES NEGATIVE NUMBERS.
R  INDICATES RECORD WAS SET OR TIED.
MM INDICATES DATA IS MISSING.
T  INDICATES TRACE AMOUNT.




$$
