000
CDUS44 KJAN 290753
CLITVR


CLIMATE REPORT
NATIONAL WEATHER SERVICE JACKSON MS
140 AM CST SUN NOV 29 2020


...................................

...THE VICKSBURG CLIMATE SUMMARY FOR NOVEMBER 28 2020...

CLIMATE NORMAL PERIOD 1981 TO 2010
CLIMATE RECORD PERIOD 1948 TO 2020


WEATHER ITEM   OBSERVED TIME   RECORD YEAR NORMAL DEPARTURE LAST
                VALUE   (LST)  VALUE       VALUE  FROM      YEAR
                                                  NORMAL
..................................................................
TEMPERATURE (F)
 YESTERDAY
  MAXIMUM         60   1248 AM  84    1949  63     -3       67
  MINIMUM         53   1159 PM  21    1959  41     12       50
  AVERAGE         57                        52      5       59

PRECIPITATION (IN)
  YESTERDAY        T             3.35 1982   0.21  -0.21     0.00
  MONTH TO DATE    1.90                      4.54  -2.64     2.72
  SINCE SEP 1      8.97                     12.10  -3.13    13.07
  SINCE JAN 1     60.11                     48.67  11.44    59.45

SNOWFALL (IN)
  YESTERDAY        0.0

DEGREE DAYS
 HEATING
  YESTERDAY        8                        13     -5        6
  MONTH TO DATE  134                       271   -137      336
  SINCE SEP 1    190                       373   -183      410
  SINCE JUL 1    190                       373   -183      410

 COOLING
  YESTERDAY        0                         0      0        0
  MONTH TO DATE   35                        12     23        2
  SINCE SEP 1    597                       432    165      738
  SINCE JAN 1   2763                      2221    542     2762
..................................................................


WIND (MPH)
  HIGHEST WIND SPEED    13   HIGHEST WIND DIRECTION     N (20)
  HIGHEST GUST SPEED    18   HIGHEST GUST DIRECTION     N (340)
  AVERAGE WIND SPEED     8.1


SKY COVER
  POSSIBLE SUNSHINE  MM
  AVERAGE SKY COVER 0.8


WEATHER CONDITIONS
 THE FOLLOWING WEATHER WAS RECORDED YESTERDAY.
  LIGHT RAIN
  FOG


RELATIVE HUMIDITY (PERCENT)
 HIGHEST    93           200 AM
 LOWEST     77          1000 AM
 AVERAGE    85

..........................................................


THE VICKSBURG CLIMATE NORMALS FOR TODAY
                         NORMAL    RECORD    YEAR
 MAXIMUM TEMPERATURE (F)   63        83      1960
 MINIMUM TEMPERATURE (F)   40        19      1959
                                             1955


SUNRISE AND SUNSET
NOVEMBER 29 2020......SUNRISE   646 AM CST   SUNSET   459 PM CST
NOVEMBER 30 2020......SUNRISE   647 AM CST   SUNSET   459 PM CST


-  INDICATES NEGATIVE NUMBERS.
R  INDICATES RECORD WAS SET OR TIED.
MM INDICATES DATA IS MISSING.
T  INDICATES TRACE AMOUNT.




$$
