000
CDUS45 KBOI 290942
CLITWF

CLIMATE REPORT
NATIONAL WEATHER SERVICE BOISE ID
242 AM MST SUN NOV 29 2020

...................................

...THE TWIN FALLS ID CLIMATE SUMMARY FOR NOVEMBER 28 2020...

CLIMATE NORMAL PERIOD 1981 TO 2010
CLIMATE RECORD PERIOD 1997 TO 2020


WEATHER ITEM   OBSERVED TIME   RECORD YEAR NORMAL DEPARTURE LAST
                VALUE   (LST)  VALUE       VALUE  FROM      YEAR
                                                  NORMAL
...................................................................
TEMPERATURE (F)
 YESTERDAY
  MAXIMUM         39    423 PM  65    2014  42     -3       39
  MINIMUM         14    720 AM  -3    2015  22     -8       21
  AVERAGE         27                        32     -5       30

PRECIPITATION (IN)
  YESTERDAY        0.00          0.07 2006   0.05  -0.05      T
  MONTH TO DATE    0.79                      1.08  -0.29      T
  SINCE OCT 1      0.98                      1.88  -0.90     0.27
  SINCE JAN 1      6.74                      9.33  -2.59     9.36

DEGREE DAYS
 HEATING
  YESTERDAY       38                        33      5       35
  MONTH TO DATE  759                       753      6      696
  SINCE SEP 1   1262                      1351    -89     1596
  SINCE JUL 1   1275                      1372    -97     1600

 COOLING
  YESTERDAY        0                         0      0        0
  MONTH TO DATE    0                         0      0        0
  SINCE SEP 1     97                        63     34       70
  SINCE JAN 1    757                       680     77      612
...................................................................


WIND (MPH)
  HIGHEST WIND SPEED    12   HIGHEST WIND DIRECTION     E (90)
  HIGHEST GUST SPEED    14   HIGHEST GUST DIRECTION     E (90)
  AVERAGE WIND SPEED     5.8


SKY COVER
  AVERAGE SKY COVER 0.1


WEATHER CONDITIONS
THE FOLLOWING WEATHER WAS RECORDED YESTERDAY.
  FOG
  FOG W/VISIBILITY <= 1/4 MILE


RELATIVE HUMIDITY (PERCENT)
 HIGHEST    96          1100 AM
 LOWEST     57           400 PM
 AVERAGE    77

..........................................................


THE TWIN FALLS ID CLIMATE NORMALS FOR TODAY
                         NORMAL    RECORD    YEAR
 MAXIMUM TEMPERATURE (F)   42        59      1999
 MINIMUM TEMPERATURE (F)   22        -5      2015


SUNRISE AND SUNSET
NOVEMBER 29 2020......SUNRISE   746 AM MST   SUNSET   506 PM MST
NOVEMBER 30 2020......SUNRISE   747 AM MST   SUNSET   506 PM MST


-  INDICATES NEGATIVE NUMBERS.
R  INDICATES RECORD WAS SET OR TIED.
MM INDICATES DATA IS MISSING.
T  INDICATES TRACE AMOUNT.




$$
