104
CDUS44 KSHV 282255
CLITXK

CLIMATE REPORT
NATIONAL WEATHER SERVICE SHREVEPORT, LA
455 PM CST SAT NOV 28 2020

...................................

...THE TEXARKANA CLIMATE SUMMARY FOR NOVEMBER 28 2020...
VALID TODAY AS OF 0400 PM LOCAL TIME.

CLIMATE NORMAL PERIOD: 1981 TO 2010
CLIMATE RECORD PERIOD: 1896 TO 2020


WEATHER ITEM   OBSERVED TIME   RECORD YEAR NORMAL DEPARTURE LAST
                VALUE   (LST)  VALUE       VALUE  FROM      YEAR
                                                  NORMAL
...................................................................
TEMPERATURE (F)
 TODAY
  MAXIMUM         58  12:32 PM  83    1949  60     -2       49
  MINIMUM         46   7:35 AM  18    1912  40      6       45
  AVERAGE         52                        50      2       47

PRECIPITATION (IN)
  TODAY            0.00          2.43 2001   0.18  -0.18     0.01
  MONTH TO DATE    0.59                      4.44  -3.85     1.91
  SINCE SEP 1      7.62                     12.80  -5.18     7.98
  SINCE JAN 1     61.64                     44.22  17.42    49.59

SNOWFALL (IN)
  TODAY            0.0
  MONTH TO DATE    0.0
  SINCE SEP 1      0.0
  SINCE JUL 1      0.0
  SNOW DEPTH       0

DEGREE DAYS
 HEATING
  TODAY           13                        15     -2       18
  MONTH TO DATE  156                       306   -150      395
  SINCE SEP 1    296                       424   -128      535
  SINCE JUL 1    296                       424   -128      535

 COOLING
  TODAY            0                         0      0        0
  MONTH TO DATE   19                        14      5        4
  SINCE SEP 1    396                       414    -18      662
  SINCE JAN 1   2138                      2202    -64     2470
...................................................................


WIND (MPH)
  HIGHEST WIND SPEED    15   HIGHEST WIND DIRECTION    NE (50)
  HIGHEST GUST SPEED    23   HIGHEST GUST DIRECTION    NE (50)
  AVERAGE WIND SPEED     7.4


SKY COVER
  POSSIBLE SUNSHINE  MM
  AVERAGE SKY COVER 0.1


WEATHER CONDITIONS
THE FOLLOWING WEATHER WAS RECORDED TODAY.
  NO SIGNIFICANT WEATHER WAS OBSERVED.


RELATIVE HUMIDITY (PERCENT)
 HIGHEST    74          12:00 AM
 LOWEST     42          12:00 PM
 AVERAGE    58

..........................................................


THE TEXARKANA CLIMATE NORMALS FOR TOMORROW
                         NORMAL    RECORD    YEAR
 MAXIMUM TEMPERATURE (F)   60        80      1933
 MINIMUM TEMPERATURE (F)   39        18      1976


SUNRISE AND SUNSET
NOVEMBER 28 2020......SUNRISE   7:00 AM CST   SUNSET   5:08 PM CST
NOVEMBER 29 2020......SUNRISE   7:01 AM CST   SUNSET   5:08 PM CST


-  INDICATES NEGATIVE NUMBERS.
R  INDICATES RECORD WAS SET OR TIED.
MM INDICATES DATA IS MISSING.
T  INDICATES TRACE AMOUNT.




$$
