000
CDUS44 KSHV 282255
CLITYR

CLIMATE REPORT
NATIONAL WEATHER SERVICE SHREVEPORT, LA
455 PM CST SAT NOV 28 2020

...................................

...THE TYLER CLIMATE SUMMARY FOR NOVEMBER 28 2020...
VALID TODAY AS OF 0400 PM LOCAL TIME.

CLIMATE NORMAL PERIOD: 1981 TO 2010
CLIMATE RECORD PERIOD: 1883 TO 2020


WEATHER ITEM   OBSERVED TIME   RECORD YEAR NORMAL DEPARTURE LAST
                VALUE   (LST)  VALUE       VALUE  FROM      YEAR
                                                  NORMAL
...................................................................
TEMPERATURE (F)
 TODAY
  MAXIMUM         60   2:12 AM  85    1949  61     -1       56
  MINIMUM         54   9:08 AM  18    1912  42     12       48
  AVERAGE         57                        51      6       52

PRECIPITATION (IN)
  TODAY            0.00          1.66 2001   0.13  -0.13     0.03
  MONTH TO DATE    0.56                      3.83  -3.27     0.43
  SINCE SEP 1     11.92                     12.02  -0.10     4.36
  SINCE JAN 1     45.87                     41.28   4.59    41.22

SNOWFALL (IN)
  TODAY            0.0
  MONTH TO DATE    0.0
  SINCE SEP 1      0.0
  SINCE JUL 1      0.0
  SNOW DEPTH       0

DEGREE DAYS
 HEATING
  TODAY            8                        14     -6       13
  MONTH TO DATE   98                       267   -169      321
  SINCE SEP 1    203                       344   -141      410
  SINCE JUL 1    203                       344   -141      410

 COOLING
  TODAY            0                         0      0        0
  MONTH TO DATE   46                        14     32       21
  SINCE SEP 1    509                       485     24      792
  SINCE JAN 1   2728                      2407    321     2942
...................................................................


WIND (MPH)
  HIGHEST WIND SPEED    15   HIGHEST WIND DIRECTION     E (80)
  HIGHEST GUST SPEED    21   HIGHEST GUST DIRECTION     E (80)
  AVERAGE WIND SPEED     8.5


SKY COVER
  POSSIBLE SUNSHINE  MM
  AVERAGE SKY COVER 0.5


WEATHER CONDITIONS
THE FOLLOWING WEATHER WAS RECORDED TODAY.
  NO SIGNIFICANT WEATHER WAS OBSERVED.


RELATIVE HUMIDITY (PERCENT)
 HIGHEST    87          12:00 AM
 LOWEST     58           2:00 PM
 AVERAGE    73

..........................................................


THE TYLER CLIMATE NORMALS FOR TOMORROW
                         NORMAL    RECORD    YEAR
 MAXIMUM TEMPERATURE (F)   61        80      1949
 MINIMUM TEMPERATURE (F)   42        10      1976


SUNRISE AND SUNSET
NOVEMBER 28 2020......SUNRISE   7:03 AM CST   SUNSET   5:16 PM CST
NOVEMBER 29 2020......SUNRISE   7:04 AM CST   SUNSET   5:16 PM CST


-  INDICATES NEGATIVE NUMBERS.
R  INDICATES RECORD WAS SET OR TIED.
MM INDICATES DATA IS MISSING.
T  INDICATES TRACE AMOUNT.




$$
