455
CDUS44 KMRX 282119
CLITYS

CLIMATE REPORT
NATIONAL WEATHER SERVICE MORRISTOWN, TN
419 PM EST SAT NOV 28 2020

...................................

...THE KNOXVILLE MCGHEE TYSON AIRPORT CLIMATE SUMMARY FOR NOVEMBER 28 2020...
VALID TODAY AS OF 0400 PM LOCAL TIME.

CLIMATE NORMAL PERIOD: 1981 TO 2010
CLIMATE RECORD PERIOD: 1871 TO 2020


WEATHER ITEM   OBSERVED TIME   RECORD YEAR NORMAL DEPARTURE LAST
                VALUE   (LST)  VALUE       VALUE  FROM      YEAR
                                                  NORMAL
...................................................................
TEMPERATURE (F)
 TODAY
  MAXIMUM         61   4:08 PM  77    2001  55      6       54
  MINIMUM         45   7:02 AM  18    1938  35     10       33
                                      1955
  AVERAGE         53                        45      8       44

PRECIPITATION (IN)
  TODAY            T             3.99 1948   0.16  -0.16     0.00
  MONTH TO DATE    0.76                      3.69  -2.93     4.80
  SINCE SEP 1     10.78                      9.44   1.34     9.79
  SINCE JAN 1     61.69                     43.04  18.65    58.02

SNOWFALL (IN)
  TODAY            0.0                       0.0    0.0      0.0
  MONTH TO DATE    0.0                       0.0    0.0      1.7
  SINCE SEP 1      0.0                       0.0    0.0      1.7
  SINCE JUL 1      0.0                       0.0    0.0      1.7
  SNOW DEPTH       0

DEGREE DAYS
 HEATING
  TODAY           12                        20     -8       21
  MONTH TO DATE  326                       423    -97      531
  SINCE SEP 1    468                       642   -174      662
  SINCE JUL 1    468                       642   -174      662

 COOLING
  TODAY            0                         0      0        0
  MONTH TO DATE    7                         0      7        0
  SINCE SEP 1    249                       242      7      514
  SINCE JAN 1   1635                      1523    112     1967
...................................................................


WIND (MPH)
  HIGHEST WIND SPEED    10   HIGHEST WIND DIRECTION     N (10)
  HIGHEST GUST SPEED    14   HIGHEST GUST DIRECTION     N (350)
  AVERAGE WIND SPEED     5.4


SKY COVER
  POSSIBLE SUNSHINE  MM
  AVERAGE SKY COVER 0.4


WEATHER CONDITIONS
THE FOLLOWING WEATHER WAS RECORDED TODAY.
  LIGHT RAIN


RELATIVE HUMIDITY (PERCENT)
 HIGHEST    90           6:00 AM
 LOWEST     44           4:00 PM
 AVERAGE    67

..........................................................


THE KNOXVILLE MCGHEE TYSON AIRPORT CLIMATE NORMALS FOR TOMORROW
                         NORMAL    RECORD    YEAR
 MAXIMUM TEMPERATURE (F)   55        76      2001
 MINIMUM TEMPERATURE (F)   35        12      1872
                                             1929


SUNRISE AND SUNSET
NOVEMBER 28 2020......SUNRISE   7:25 AM EST   SUNSET   5:23 PM EST
NOVEMBER 29 2020......SUNRISE   7:26 AM EST   SUNSET   5:23 PM EST


-  INDICATES NEGATIVE NUMBERS.
R  INDICATES RECORD WAS SET OR TIED.
MM INDICATES DATA IS MISSING.
T  INDICATES TRACE AMOUNT.




$$
