000
CDUS46 KSEW 280828
CLIUIL


CLIMATE REPORT
NATIONAL WEATHER SERVICE SEATTLE WA
1227 AM PST SAT NOV 28 2020


...................................

...THE QUILLAYUTE WA AIRPORT CLIMATE SUMMARY FOR NOVEMBER 27 2020...

CLIMATE NORMAL PERIOD 1981 TO 2010
CLIMATE RECORD PERIOD 1966 TO 2020


WEATHER ITEM   OBSERVED TIME   RECORD YEAR NORMAL DEPARTURE LAST
                VALUE   (LST)  VALUE       VALUE  FROM      YEAR
                                                  NORMAL
..................................................................
TEMPERATURE (F)
 YESTERDAY
  MAXIMUM         49    552 PM  62    2002  48      1       44
  MINIMUM         44   1159 PM  19    1985  36      8       36
  AVERAGE         47                        42      5       40

PRECIPITATION (IN)
  YESTERDAY        0.50          3.50 1996   0.52  -0.02     0.00
  MONTH TO DATE   15.59                     13.95   1.64     6.69
  SINCE OCT 1     22.72                     24.44  -1.72    19.50
  SINCE JAN 1     92.82                     84.98   7.84    66.23

DEGREE DAYS
 HEATING
  YESTERDAY       18                        23     -5       25
  MONTH TO DATE  554                       555     -1      514
  SINCE SEP 1   1072                      1276   -204     1247
  SINCE JUL 1   1394                      1645   -251     1460

 COOLING
  YESTERDAY        0                         0      0        0
  MONTH TO DATE    0                         0      0        0
  SINCE SEP 1     21                         2     19        0
  SINCE JAN 1     39                        19     20       21
..................................................................


WIND (MPH)
  RESULTANT WIND SPEED   7   RESULTANT WIND DIRECTION   S (170)
  HIGHEST WIND SPEED    18   HIGHEST WIND DIRECTION    SW (240)
  HIGHEST GUST SPEED    30   HIGHEST GUST DIRECTION    SE (150)
  AVERAGE WIND SPEED     7.6


SKY COVER
  AVERAGE SKY COVER 1.0


WEATHER CONDITIONS
 THE FOLLOWING WEATHER WAS RECORDED YESTERDAY.
  RAIN
  LIGHT RAIN


RELATIVE HUMIDITY (PERCENT)
 HIGHEST    62          1000 PM
 LOWEST     50           200 AM
 AVERAGE    56

..........................................................


THE QUILLAYUTE WA AIRPORT CLIMATE NORMALS FOR TODAY
                         NORMAL    RECORD    YEAR
 MAXIMUM TEMPERATURE (F)   48        60      2013
                                             2002
 MINIMUM TEMPERATURE (F)   36        21      2015
                                             2006
                                             1985


SUNRISE AND SUNSET
NOVEMBER 28 2020......SUNRISE   744 AM PST   SUNSET   429 PM PST
NOVEMBER 29 2020......SUNRISE   745 AM PST   SUNSET   428 PM PST


-  INDICATES NEGATIVE NUMBERS.
R  INDICATES RECORD WAS SET OR TIED.
MM INDICATES DATA IS MISSING.
T  INDICATES TRACE AMOUNT.




$$
