000
CDUS46 KSEW 130117
CLIUIL

CLIMATE REPORT
NATIONAL WEATHER SERVICE SEATTLE
617 PM PDT SAT JUN 12 2021

...................................

...THE QUILLAYUTE WA AIRPORT CLIMATE SUMMARY FOR JUNE 12 2021...
VALID TODAY AS OF 0500 PM LOCAL TIME.

CLIMATE NORMAL PERIOD 1991 TO 2020
CLIMATE RECORD PERIOD 1966 TO 2021


WEATHER ITEM   OBSERVED TIME   RECORD YEAR NORMAL DEPARTURE LAST
                VALUE   (LST)  VALUE       VALUE  FROM      YEAR
                                                  NORMAL
...................................................................
TEMPERATURE (F)
 TODAY
  MAXIMUM         67   1127 AM  85    2002  63      4       61
                                      2019
  MINIMUM         50    546 AM  36    1979  47      3       49
  AVERAGE         59                        55      4       55

PRECIPITATION (IN)
  TODAY            0.15          1.65 2004   0.11   0.04     0.32
  MONTH TO DATE    1.80                      1.54   0.26     2.18
  SINCE OCT 1     84.83                     90.78  -5.95    92.56
  SINCE JAN 1     43.74                     51.00  -7.26    58.37

DEGREE DAYS
 HEATING
  TODAY            6                        10     -4       10
  MONTH TO DATE  125                       127     -2      139
  SINCE JUN 1    125                       127     -2      139
  SINCE JUL 1   5274                      5489   -215     5324

 COOLING
  TODAY            0                         0      0        0
  MONTH TO DATE    2                         0      2        0
  SINCE JUN 1      2                         0      2        0
  SINCE JAN 1      2                         1      1        4
...................................................................


WIND (MPH)
  RESULTANT WIND SPEED   2   RESULTANT WIND DIRECTION   E (100)
  HIGHEST WIND SPEED    13   HIGHEST WIND DIRECTION     W (260)
  HIGHEST GUST SPEED    18   HIGHEST GUST DIRECTION    SW (240)
  AVERAGE WIND SPEED     5.3


SKY COVER
  AVERAGE SKY COVER 0.7


WEATHER CONDITIONS
THE FOLLOWING WEATHER WAS RECORDED TODAY.
  HEAVY RAIN
  RAIN
  LIGHT RAIN
  FOG


RELATIVE HUMIDITY (PERCENT)
 HIGHEST   100          1200 AM
 LOWEST     65           200 PM
 AVERAGE    83

..........................................................


THE QUILLAYUTE WA AIRPORT CLIMATE NORMALS FOR TOMORROW
                         NORMAL    RECORD    YEAR
 MAXIMUM TEMPERATURE (F)   63        85      1986
                                             2002
 MINIMUM TEMPERATURE (F)   47        38      1976


SUNRISE AND SUNSET
JUNE 12 2021..........SUNRISE   519 AM PDT   SUNSET   918 PM PDT
JUNE 13 2021..........SUNRISE   518 AM PDT   SUNSET   919 PM PDT


-  INDICATES NEGATIVE NUMBERS.
R  INDICATES RECORD WAS SET OR TIED.
MM INDICATES DATA IS MISSING.
T  INDICATES TRACE AMOUNT.




$$
