000
CDUS43 KLSX 040828
CLIUIN

CLIMATE REPORT
NATIONAL WEATHER SERVICE ST LOUIS MO
228 AM CST FRI DEC 04 2020

...................................

...THE QUINCY IL CLIMATE SUMMARY FOR DECEMBER 3 2020...

CLIMATE NORMAL PERIOD 1981 TO 2010
CLIMATE RECORD PERIOD 1901 TO 2020


WEATHER ITEM   OBSERVED TIME   RECORD YEAR NORMAL DEPARTURE LAST
                VALUE   (LST)  VALUE       VALUE  FROM      YEAR
                                                  NORMAL
...................................................................
TEMPERATURE (F)
 YESTERDAY
  MAXIMUM         47    304 PM  74    2012  42      5       48
  MINIMUM         23    342 AM   1    1929  26     -3       26
  AVERAGE         35                        34      1       37

PRECIPITATION (IN)
  YESTERDAY        0.00          1.68 1938   0.09  -0.09     0.00
  MONTH TO DATE    0.00                      0.27  -0.27     0.06
  SINCE DEC 1      0.00                      0.27  -0.27     0.06
  SINCE JAN 1     33.35                     35.35  -2.00    40.96

DEGREE DAYS
 HEATING
  YESTERDAY       30                        31     -1       28
  MONTH TO DATE   99                        92      7       91
  SINCE DEC 1     99                        92      7       91
  SINCE JUL 1   1098                      1192    -94     1317

 COOLING
  YESTERDAY        0                         0      0        0
  MONTH TO DATE    0                         0      0        0
  SINCE DEC 1      0                         0      0        0
  SINCE JAN 1   1172                      1094     78     1346
...................................................................


WIND (MPH)
  HIGHEST WIND SPEED    13   HIGHEST WIND DIRECTION    SW (240)
  HIGHEST GUST SPEED    17   HIGHEST GUST DIRECTION     W (250)
  AVERAGE WIND SPEED     5.6


SKY COVER
  AVERAGE SKY COVER 0.4


WEATHER CONDITIONS
THE FOLLOWING WEATHER WAS RECORDED YESTERDAY.
  NO SIGNIFICANT WEATHER WAS OBSERVED.


RELATIVE HUMIDITY (PERCENT)
 HIGHEST    92          1100 PM
 LOWEST     43           100 PM
 AVERAGE    68

..........................................................


THE QUINCY IL CLIMATE NORMALS FOR TODAY
                         NORMAL    RECORD    YEAR
 MAXIMUM TEMPERATURE (F)   41        69      1998
 MINIMUM TEMPERATURE (F)   26         2      2006


SUNRISE AND SUNSET
DECEMBER  4 2020......SUNRISE   711 AM CST   SUNSET   440 PM CST
DECEMBER  5 2020......SUNRISE   712 AM CST   SUNSET   440 PM CST


-  INDICATES NEGATIVE NUMBERS.
R  INDICATES RECORD WAS SET OR TIED.
MM INDICATES DATA IS MISSING.
T  INDICATES TRACE AMOUNT.




$$
