000
CDUS46 KEKA 261212
CLIUKI

CLIMATE REPORT
NATIONAL WEATHER SERVICE
412 AM PST THU NOV 26 2020

...................................

...THE UKIAH CA CLIMATE SUMMARY FOR NOVEMBER 25 2020...

CLIMATE NORMAL PERIOD: 1981 TO 2010
CLIMATE RECORD PERIOD: 1903 TO 2020


WEATHER ITEM   OBSERVED TIME   RECORD YEAR NORMAL DEPARTURE LAST
                VALUE   (LST)  VALUE       VALUE  FROM      YEAR
                                                  NORMAL
...................................................................
TEMPERATURE (F)
 YESTERDAY
  MAXIMUM         60   2:32 PM  78    1932  59      1       62
  MINIMUM         36  11:42 PM  24    1895  37     -1       40
  AVERAGE         48                        48      0       51

PRECIPITATION (IN)
  YESTERDAY        0.00          3.22 1961   0.16  -0.16     0.00
  MONTH TO DATE    1.27                      3.41  -2.14     0.01
  SINCE OCT 1      1.27                      5.57  -4.30     0.06
  SINCE JAN 1      8.43                     29.54 -21.11    35.13

SNOWFALL (IN)
  YESTERDAY       MM            MM      MM  MM     MM        0.0
  MONTH TO DATE    0.0                       0.0    0.0      0.0
  SINCE SEP 1      0.0                      MM     MM        0.0
  SINCE JUL 1      0.0                      MM     MM        0.0
  SNOW DEPTH      MM

DEGREE DAYS
 HEATING
  YESTERDAY       17                        17      0       14
  MONTH TO DATE  321                       335    -14      164
  SINCE SEP 1    368                       532   -164      315
  SINCE JUL 1    368                       535   -167      315

 COOLING
  YESTERDAY        0                         0      0        0
  MONTH TO DATE    1                         0      1        0
  SINCE SEP 1    372                       152    220      170
  SINCE JAN 1   1449                       835    614     1139
...................................................................


WIND (MPH)
  HIGHEST WIND SPEED    17   HIGHEST WIND DIRECTION    NW (320)
  HIGHEST GUST SPEED    24   HIGHEST GUST DIRECTION    NW (320)
  AVERAGE WIND SPEED     5.5


SKY COVER
  AVERAGE SKY COVER 0.1


WEATHER CONDITIONS
THE FOLLOWING WEATHER WAS RECORDED YESTERDAY.
  NO SIGNIFICANT WEATHER WAS OBSERVED.


RELATIVE HUMIDITY (PERCENT)
 HIGHEST    93
 LOWEST     37
 AVERAGE    65

..........................................................


THE UKIAH CA CLIMATE NORMALS FOR TODAY
                         NORMAL    RECORD    YEAR
 MAXIMUM TEMPERATURE (F)   58        84      1959
 MINIMUM TEMPERATURE (F)   37        24      1918
                                             1919


SUNRISE AND SUNSET
NOVEMBER 26 2020......SUNRISE   7:09 AM PST   SUNSET   4:52 PM PST
NOVEMBER 27 2020......SUNRISE   7:10 AM PST   SUNSET   4:51 PM PST


-  INDICATES NEGATIVE NUMBERS.
R  INDICATES RECORD WAS SET OR TIED.
MM INDICATES DATA IS MISSING.
T  INDICATES TRACE AMOUNT.




$$
