496
CDUS43 KSGF 260633
CLIUNO

CLIMATE REPORT
NATIONAL WEATHER SERVICE
1233 AM CST THU NOV 26 2020

...................................

...THE WEST PLAINS MO CLIMATE SUMMARY FOR NOVEMBER 25 2020...

CLIMATE NORMAL PERIOD: 1981 TO 2010
CLIMATE RECORD PERIOD: 1947 TO 2020


WEATHER ITEM   OBSERVED TIME   RECORD YEAR NORMAL DEPARTURE LAST
                VALUE   (LST)  VALUE       VALUE  FROM      YEAR
                                                  NORMAL
...................................................................
TEMPERATURE (F)
 YESTERDAY
  MAXIMUM         53   7:59 AM  75    1990  53      0       66
  MINIMUM         43  11:59 PM   5    1950  33     10       34
  AVERAGE         48

PRECIPITATION (IN)
  YESTERDAY        0.19          2.46 1952   0.17   0.02     0.00
  MONTH TO DATE    2.85                      3.80  -0.95     3.94
  SINCE SEP 1     14.63                     11.73   2.90    11.24
  SINCE JAN 1     58.09                     41.80  16.29    57.99

DEGREE DAYS
 HEATING
  YESTERDAY       17                        22              15
  MONTH TO DATE  310                       432             549
  SINCE SEP 1    647                       734             843
  SINCE JUL 1    647                       735             843

 COOLING
  YESTERDAY        0                         0               0
  MONTH TO DATE    3                         0               0
  SINCE SEP 1    197                       180             411
  SINCE JAN 1   1415                      1352            1607
...................................................................


WIND (MPH)
  RESULTANT WIND SPEED   7   RESULTANT WIND DIRECTION   W (250)
  HIGHEST WIND SPEED    21   HIGHEST WIND DIRECTION     W (260)
  HIGHEST GUST SPEED    32   HIGHEST GUST DIRECTION     W (270)
  AVERAGE WIND SPEED    10.1


SKY COVER
  AVERAGE SKY COVER 1.0


WEATHER CONDITIONS
THE FOLLOWING WEATHER WAS RECORDED YESTERDAY.
  HEAVY RAIN
  RAIN
  LIGHT RAIN
  FOG


RELATIVE HUMIDITY (PERCENT)
 HIGHEST    97
 LOWEST     76
 AVERAGE    87

..........................................................


THE WEST PLAINS MO CLIMATE NORMALS FOR TODAY
                         NORMAL    RECORD    YEAR
 MAXIMUM TEMPERATURE (F)   52        77      1965
 MINIMUM TEMPERATURE (F)   33        11      1977


SUNRISE AND SUNSET
NOVEMBER 26 2020......SUNRISE   6:58 AM CST   SUNSET   4:52 PM CST
NOVEMBER 27 2020......SUNRISE   6:59 AM CST   SUNSET   4:52 PM CST


-  INDICATES NEGATIVE NUMBERS.
R  INDICATES RECORD WAS SET OR TIED.
MM INDICATES DATA IS MISSING.
T  INDICATES TRACE AMOUNT.




$$
