681
CDUS43 KUNR 290836
CLIUNR

CLIMATE REPORT
NATIONAL WEATHER SERVICE RAPID CITY SD
136 AM MST SUN NOV 29 2020

...................................

...THE EAST RAPID CITY SD CLIMATE SUMMARY FOR NOVEMBER 28 2020...

CLIMATE NORMAL PERIOD 1981 TO 2010
CLIMATE RECORD PERIOD 1888 TO 2020


WEATHER ITEM   OBSERVED RECORD YEAR NORMAL DEPARTURE LAST
                VALUE   VALUE       VALUE  FROM      YEAR
                                           NORMAL
............................................................
TEMPERATURE (F)
 YESTERDAY
  MAXIMUM         65     68    1932  40     25       28
  MINIMUM         38     -9    1896  23     15       15
  AVERAGE         52                 31     21       22

PRECIPITATION (IN)
  YESTERDAY        0.00   0.31 1929   0.01  -0.01      T
  MONTH TO DATE    0.08               0.58  -0.50     0.59
  SINCE SEP 1      2.35               3.77  -1.42     4.37
  SINCE JAN 1     15.91              19.45  -3.54    30.55

SNOWFALL (IN)
  YESTERDAY        0.0    6.9  1929   0.2   -0.2      0.0
  MONTH TO DATE    1.0                5.8   -4.8     10.1
  SINCE SEP 1     14.0                8.2    5.8     17.9
  SINCE JUL 1     14.0                8.2    5.8     17.9
  SNOW DEPTH       0

DEGREE DAYS
 HEATING
  YESTERDAY       13                 34    -21       43
  MONTH TO DATE  589                782   -193      831
  SINCE SEP 1   1382               1481    -99     1695
  SINCE JUL 1   1389               1511   -122     1710

 COOLING
  YESTERDAY        0                  0      0        0
  MONTH TO DATE    0                  0      0        0
  SINCE SEP 1     90                 70     20       80
  SINCE JAN 1    861                665    196      469
............................................................


WIND (MPH)
  HIGHEST GUST SPEED    46   HIGHEST GUST DIRECTION     N (350)


WEATHER CONDITIONS
THE FOLLOWING WEATHER WAS RECORDED YESTERDAY.
  NO SIGNIFICANT WEATHER WAS OBSERVED.

..........................................................


THE EAST RAPID CITY SD CLIMATE NORMALS FOR TODAY
                         NORMAL    RECORD    YEAR
 MAXIMUM TEMPERATURE (F)   39        75      1932
 MINIMUM TEMPERATURE (F)   22        -8      1896


SUNRISE AND SUNSET
NOVEMBER 29 2020......SUNRISE   706 AM MST   SUNSET   416 PM MST
NOVEMBER 30 2020......SUNRISE   707 AM MST   SUNSET   416 PM MST


-  INDICATES NEGATIVE NUMBERS.
R  INDICATES RECORD WAS SET OR TIED.
MM INDICATES DATA IS MISSING.
T  INDICATES TRACE AMOUNT.




$$
