000
CDUS44 KCRP 290100
CLIVCT

CLIMATE REPORT
NATIONAL WEATHER SERVICE CORPUS CHRISTI TX
659 PM CST SAT NOV 28 2020


...................................

...THE VICTORIA CLIMATE SUMMARY FOR NOVEMBER 28 2020...
VALID TODAY AS OF 0600 PM LOCAL TIME.

CLIMATE NORMAL PERIOD 1981 TO 2010
CLIMATE RECORD PERIOD 1893 TO 2020


WEATHER ITEM   OBSERVED TIME   RECORD YEAR NORMAL DEPARTURE LAST
                VALUE   (LST)  VALUE       VALUE  FROM      YEAR
                                                  NORMAL
..................................................................
TEMPERATURE (F)
 TODAY
  MAXIMUM         67   1032 AM  88    1927  70     -3       64
  MINIMUM         65    643 PM  27    2011  48     17       55
                                      1976
  AVERAGE         66                        59      7       60

PRECIPITATION (IN)
  TODAY            1.51R         0.44 1976   0.10   1.41     0.06
  MONTH TO DATE    3.17                      3.05   0.12     0.60
  SINCE SEP 1      7.96                     11.85  -3.89     8.78
  SINCE JAN 1     27.48                     38.72 -11.24    24.46

SNOWFALL (IN)
  TODAY            0.0           0.0  2002   0.0    0.0      0.0
                                      2001
  MONTH TO DATE    0.0                       0.0    0.0      0.0
  SINCE SEP 1      0.0                       0.0    0.0      0.0
  SINCE JUL 1      0.0                       0.0    0.0      0.0
  SNOW DEPTH       0

DEGREE DAYS
 HEATING
  TODAY            0                         8     -8        5
  MONTH TO DATE   29                       124    -95      183
  SINCE SEP 1     76                       147    -71      223
  SINCE JUL 1     76                       147    -71      223

 COOLING
  TODAY            1                         1      0        0
  MONTH TO DATE  132                        77     55       62
  SINCE SEP 1    888                       767    121      958
  SINCE JAN 1   3846                      3120    726     3623
..................................................................


WIND (MPH)
  HIGHEST WIND SPEED    17   HIGHEST WIND DIRECTION     E (90)
  HIGHEST GUST SPEED    22   HIGHEST GUST DIRECTION     E (70)


SKY COVER
  POSSIBLE SUNSHINE  MM
  AVERAGE SKY COVER 1.0


WEATHER CONDITIONS
 THE FOLLOWING WEATHER WAS RECORDED TODAY.
  HEAVY RAIN
  RAIN
  LIGHT RAIN
  FOG


RELATIVE HUMIDITY (PERCENT)
 HIGHEST    93          1200 AM
 LOWEST     93          1200 AM
 AVERAGE    93

..........................................................


THE VICTORIA CLIMATE NORMALS FOR TOMORROW
                         NORMAL    RECORD    YEAR
 MAXIMUM TEMPERATURE (F)   70        87      1916
 MINIMUM TEMPERATURE (F)   47        24      1976


SUNRISE AND SUNSET
NOVEMBER 28 2020......SUNRISE   702 AM CST   SUNSET   530 PM CST
NOVEMBER 29 2020......SUNRISE   702 AM CST   SUNSET   530 PM CST


-  INDICATES NEGATIVE NUMBERS.
R  INDICATES RECORD WAS SET OR TIED.
MM INDICATES DATA IS MISSING.
T  INDICATES TRACE AMOUNT.




$$
