653
CDUS45 KGJT 290740
CLIVEL

CLIMATE REPORT
NATIONAL WEATHER SERVICE GRAND JUNCTION CO
1240 AM MST SUN NOV 29 2020

...................................

...THE VERNAL UT CLIMATE SUMMARY FOR NOVEMBER 28 2020...

CLIMATE NORMAL PERIOD 1981 TO 2010
CLIMATE RECORD PERIOD 9999 TO 9999


WEATHER ITEM   OBSERVED TIME   RECORD YEAR NORMAL DEPARTURE LAST
                VALUE   (LST)  VALUE       VALUE  FROM      YEAR
                                                  NORMAL
...................................................................
TEMPERATURE (F)
 YESTERDAY
  MAXIMUM         38    337 PM  MM      MM  37      1       50
  MINIMUM         11    731 AM  MM      MM  18     -7       27
  AVERAGE         25                        28     -3       39

PRECIPITATION (IN)
  YESTERDAY        0.00         MM      MM   0.01  -0.01      T
  MONTH TO DATE    0.65                      0.56   0.09     0.41
  SINCE SEP 1      0.71                      3.03  -2.32     0.80
  SINCE JAN 1      4.44                      8.64  -4.20     9.13

SNOWFALL (IN)
  YESTERDAY       MM            MM      MM   MM     MM       MM
  MONTH TO DATE   MM                         MM     MM       MM
  SINCE SEP 1     MM                         MM     MM       MM
  SINCE JUL 1     MM                         MM     MM       MM
  SNOW DEPTH      MM

DEGREE DAYS
 HEATING
  YESTERDAY       40                        37      3       26
  MONTH TO DATE  817                       848    -31      815
  SINCE SEP 1   1474                      1536    -62     1692
  SINCE JUL 1   1474                      1552    -78     1692

 COOLING
  YESTERDAY        0                         0      0        0
  MONTH TO DATE    0                         0      0        0
  SINCE SEP 1     37                        22     15       63
  SINCE JAN 1    874                       511    363      671
...................................................................


WIND (MPH)
  HIGHEST WIND SPEED     8   HIGHEST WIND DIRECTION     W (250)
  HIGHEST GUST SPEED     9   HIGHEST GUST DIRECTION     W (290)
  AVERAGE WIND SPEED     1.9


SKY COVER
  POSSIBLE SUNSHINE  MM
  AVERAGE SKY COVER 0.0


WEATHER CONDITIONS
THE FOLLOWING WEATHER WAS RECORDED YESTERDAY.
  NO SIGNIFICANT WEATHER WAS OBSERVED.


RELATIVE HUMIDITY (PERCENT)
 HIGHEST    80           500 AM
 LOWEST     38           300 PM
 AVERAGE    59

..........................................................


THE VERNAL UT CLIMATE NORMALS FOR TODAY
                         NORMAL    RECORD    YEAR
 MAXIMUM TEMPERATURE (F)   37        MM        MM
 MINIMUM TEMPERATURE (F)   18        MM        MM


SUNRISE AND SUNSET
NOVEMBER 29 2020......SUNRISE   720 AM MST   SUNSET   452 PM MST
NOVEMBER 30 2020......SUNRISE   722 AM MST   SUNSET   452 PM MST


-  INDICATES NEGATIVE NUMBERS.
R  INDICATES RECORD WAS SET OR TIED.
MM INDICATES DATA IS MISSING.
T  INDICATES TRACE AMOUNT.




$$
