000
CDUS45 KVEF 260823
CLIVGT

CLIMATE REPORT
NATIONAL WEATHER SERVICE LAS VEGAS, NV
1223 AM PST THU NOV 26 2020

...................................

...THE NORTH_LAS_VEGAS NV CLIMATE SUMMARY FOR NOVEMBER 25 2020...

CLIMATE NORMAL PERIOD: 1981 TO 2010
CLIMATE RECORD PERIOD: 2000 TO 2020


WEATHER ITEM   OBSERVED TIME   RECORD YEAR NORMAL DEPARTURE LAST
                VALUE   (LST)  VALUE       VALUE  FROM      YEAR
                                                  NORMAL
...................................................................
TEMPERATURE (F)
 YESTERDAY
  MAXIMUM         62   3:07 PM  77    2017  62      0       64
  MINIMUM         39   6:58 AM  31    2010  42     -3       37
  AVERAGE         51                        52     -1       51

PRECIPITATION (IN)
  YESTERDAY        0.00          T    2008   0.01  -0.01     0.00
  MONTH TO DATE    T                         0.35  -0.35     0.73
  SINCE OCT 1      T                         0.76  -0.76     0.73
  SINCE JAN 1      3.28                      4.72  -1.44     5.82

DEGREE DAYS
 HEATING
  YESTERDAY       14                        13      1       14
  MONTH TO DATE  152                       199    -47      134
  SINCE SEP 1    173                       243    -70      222
  SINCE JUL 1    173                       243    -70      222

 COOLING
  YESTERDAY        0                         0      0        0
  MONTH TO DATE   60                         8     52        2
  SINCE SEP 1   1063                       646    417      622
  SINCE JAN 1   4313                      3292   1021     3317
...................................................................


WIND (MPH)
  RESULTANT WIND SPEED   2   RESULTANT WIND DIRECTION   N (350)
  HIGHEST WIND SPEED    14   HIGHEST WIND DIRECTION    NW (330)
  HIGHEST GUST SPEED    18   HIGHEST GUST DIRECTION    NW (330)
  AVERAGE WIND SPEED     4.9


SKY COVER
  AVERAGE SKY COVER 0.0


WEATHER CONDITIONS
THE FOLLOWING WEATHER WAS RECORDED YESTERDAY.
  NO SIGNIFICANT WEATHER WAS OBSERVED.


RELATIVE HUMIDITY (PERCENT)
 HIGHEST    46           6:00 AM
 LOWEST     20           2:00 PM
 AVERAGE    33

..........................................................


THE NORTH_LAS_VEGAS NV CLIMATE NORMALS FOR TODAY
                         NORMAL    RECORD    YEAR
 MAXIMUM TEMPERATURE (F)   62        76      2017
 MINIMUM TEMPERATURE (F)   42        27      2010


SUNRISE AND SUNSET
NOVEMBER 26 2020......SUNRISE   6:29 AM PST   SUNSET   4:27 PM PST
NOVEMBER 27 2020......SUNRISE   6:30 AM PST   SUNSET   4:27 PM PST


-  INDICATES NEGATIVE NUMBERS.
R  INDICATES RECORD WAS SET OR TIED.
MM INDICATES DATA IS MISSING.
T  INDICATES TRACE AMOUNT.




$$
