000
CDUS43 KSGF 040628
CLIVIH

CLIMATE REPORT
NATIONAL WEATHER SERVICE
1228 AM CST FRI DEC 04 2020

...................................

...THE VICHY-ROLLA MO CLIMATE SUMMARY FOR DECEMBER 3 2020...

CLIMATE NORMAL PERIOD: 1981 TO 2010
CLIMATE RECORD PERIOD: 1888 TO 2020


WEATHER ITEM   OBSERVED TIME   RECORD YEAR NORMAL DEPARTURE LAST
                VALUE   (LST)  VALUE       VALUE  FROM      YEAR
                                                  NORMAL
...................................................................
TEMPERATURE (F)
 YESTERDAY
  MAXIMUM         43   3:46 PM  74    1970  47     -4       54
  MINIMUM         37   7:42 AM   7    2006  28      9       25
  AVERAGE         40

PRECIPITATION (IN)
  YESTERDAY        0.09          4.13 1982   0.10  -0.01     0.00
  MONTH TO DATE    0.09                      0.31  -0.22      T
  SINCE DEC 1      0.09                      0.31  -0.22      T
  SINCE JAN 1     44.15                     41.28   2.87    42.76

DEGREE DAYS
 HEATING
  YESTERDAY       25                        28              25
  MONTH TO DATE   84                        82              84
  SINCE DEC 1     84                        82              84
  SINCE JUL 1    959                      1029            1087

 COOLING
  YESTERDAY        0                         0               0
  MONTH TO DATE    0                         0               0
  SINCE DEC 1      0                         0               0
  SINCE JAN 1   1294                      1246            1362
...................................................................


WIND (MPH)
  RESULTANT WIND SPEED   1   RESULTANT WIND DIRECTION   E (90)
  HIGHEST WIND SPEED    16   HIGHEST WIND DIRECTION     S (200)
  HIGHEST GUST SPEED    22   HIGHEST GUST DIRECTION     S (200)
  AVERAGE WIND SPEED     3.2


SKY COVER
  AVERAGE SKY COVER 1.0


WEATHER CONDITIONS
THE FOLLOWING WEATHER WAS RECORDED YESTERDAY.
  LIGHT RAIN
  FOG


RELATIVE HUMIDITY (PERCENT)
 HIGHEST    93
 LOWEST     62
 AVERAGE    78

..........................................................


THE VICHY-ROLLA MO CLIMATE NORMALS FOR TODAY
                         NORMAL    RECORD    YEAR
 MAXIMUM TEMPERATURE (F)   46        71      2001
 MINIMUM TEMPERATURE (F)   27         7      2006


SUNRISE AND SUNSET
DECEMBER  4 2020......SUNRISE   7:08 AM CST   SUNSET   4:47 PM CST
DECEMBER  5 2020......SUNRISE   7:09 AM CST   SUNSET   4:47 PM CST


-  INDICATES NEGATIVE NUMBERS.
R  INDICATES RECORD WAS SET OR TIED.
MM INDICATES DATA IS MISSING.
T  INDICATES TRACE AMOUNT.




$$
