000
CDUS42 KTAE 130631
CLIVLD

CLIMATE REPORT
NATIONAL WEATHER SERVICE TALLAHASSEE FL
231 AM EDT SUN JUN 13 2021

...................................

...THE VALDOSTA CLIMATE SUMMARY FOR JUNE 12 2021...

CLIMATE NORMAL PERIOD 1991 TO 2020
CLIMATE RECORD PERIOD 1948 TO 2021


WEATHER ITEM   OBSERVED TIME   NORMAL DEPARTURE LAST
                VALUE   (LST)  VALUE  FROM      YEAR
                                      NORMAL
.......................................................
TEMPERATURE (F)
 YESTERDAY
  MAXIMUM         96   1237 PM  90      6       90
  MINIMUM         70   1223 AM  68      2       70
  AVERAGE         83            79      4       80

PRECIPITATION (IN)
  YESTERDAY        0.68          0.26   0.42     2.66
  MONTH TO DATE    1.48          2.86  -1.38     8.85
  SINCE JUN 1      1.48          2.86  -1.38     8.85
  SINCE JAN 1     19.74         20.23  -0.49    30.13

SNOWFALL (IN)
  YESTERDAY        0.0

DEGREE DAYS
 HEATING
  YESTERDAY        0                    0
  MONTH TO DATE    0                    0
  SINCE JUN 1      0                    0
  SINCE JUL 1   1335                 -315

 COOLING
  YESTERDAY       18                    4
  MONTH TO DATE  188                   34
  SINCE JUN 1    188                   34
  SINCE JAN 1    685                  112
.......................................................


WIND (MPH)
  HIGHEST WIND SPEED    18   HIGHEST WIND DIRECTION     N (20)
  HIGHEST GUST SPEED    24   HIGHEST GUST DIRECTION    NE (40)
  AVERAGE WIND SPEED     3.0

..........................................................


THE VALDOSTA CLIMATE NORMALS FOR TODAY
                         NORMAL




SUNRISE AND SUNSET
JUNE 13 2021..........SUNRISE   630 AM EDT   SUNSET   837 PM EDT
JUNE 14 2021..........SUNRISE   630 AM EDT   SUNSET   837 PM EDT


-  INDICATES NEGATIVE NUMBERS.
R  INDICATES RECORD WAS SET OR TIED.
MM INDICATES DATA IS MISSING.
T  INDICATES TRACE AMOUNT.




$$
