000
CDUS42 KTAE 280733
CLIVLD

CLIMATE REPORT
NATIONAL WEATHER SERVICE TALLAHASSEE FL
233 AM EST SAT NOV 28 2020

...................................

...THE VALDOSTA CLIMATE SUMMARY FOR NOVEMBER 27 2020...

CLIMATE NORMAL PERIOD 1981 TO 2010
CLIMATE RECORD PERIOD 1948 TO 2020


WEATHER ITEM   OBSERVED TIME   NORMAL DEPARTURE LAST
                VALUE   (LST)  VALUE  FROM      YEAR
                                      NORMAL
.......................................................
TEMPERATURE (F)
 YESTERDAY
  MAXIMUM         77    408 PM  69      8       82
  MINIMUM         64   1138 PM  45     19       49
  AVERAGE         71            57     14       66

PRECIPITATION (IN)
  YESTERDAY        0.00          0.11  -0.11     0.00
  MONTH TO DATE    0.97          2.25  -1.28     1.62
  SINCE SEP 1      8.42         10.09  -1.67     5.22
  SINCE JAN 1     47.75         47.12   0.63    39.75

SNOWFALL (IN)
  YESTERDAY        0.0

DEGREE DAYS
 HEATING
  YESTERDAY        0                   -9
  MONTH TO DATE   73                  -87
  SINCE SEP 1     79                 -124
  SINCE JUL 1     79                 -124

 COOLING
  YESTERDAY        6                    5
  MONTH TO DATE  117                   81
  SINCE SEP 1    836                  273
  SINCE JAN 1   3106                  689
.......................................................


WIND (MPH)
  HIGHEST WIND SPEED     6   HIGHEST WIND DIRECTION     S (170)
  HIGHEST GUST SPEED     8   HIGHEST GUST DIRECTION    NE (60)
  AVERAGE WIND SPEED     0.3

..........................................................


THE VALDOSTA CLIMATE NORMALS FOR TODAY
                         NORMAL




SUNRISE AND SUNSET
NOVEMBER 28 2020......SUNRISE   711 AM EST   SUNSET   531 PM EST
NOVEMBER 29 2020......SUNRISE   712 AM EST   SUNSET   531 PM EST


-  INDICATES NEGATIVE NUMBERS.
R  INDICATES RECORD WAS SET OR TIED.
MM INDICATES DATA IS MISSING.
T  INDICATES TRACE AMOUNT.




$$
