000
CDUS43 KLOT 130635
CLIVPZ

CLIMATE REPORT
NATIONAL WEATHER SERVICE CHICAGO IL
135 AM CDT SUN JUN 13 2021

...................................

...THE VALPARAISO CLIMATE SUMMARY FOR JUNE 12 2021...

CLIMATE NORMAL PERIOD: 1991 TO 2020
CLIMATE RECORD PERIOD: 1998 TO 2021


WEATHER ITEM   OBSERVED TIME   RECORD YEAR NORMAL DEPARTURE LAST
                VALUE   (LST)  VALUE       VALUE  FROM      YEAR
                                                  NORMAL
...................................................................
TEMPERATURE (F)
 YESTERDAY
  MAXIMUM         92  12:30 PM  96    2017  82     10       83
  MINIMUM         66   4:26 AM  50    2011  60      6       55
  AVERAGE         79                        71      8       69

PRECIPITATION (IN)
  YESTERDAY        T             1.23 2004   0.13  -0.13     0.00
  MONTH TO DATE    0.19                      1.48  -1.29     0.12
  SINCE JUN 1      0.19                      1.48  -1.29     0.12
  SINCE JAN 1     10.60                     13.49  -2.89    19.08

DEGREE DAYS
 HEATING
  YESTERDAY        0                         1     -1        0
  MONTH TO DATE    2                        18    -16        5
  SINCE JUN 1      2                        18    -16        5
  SINCE JUL 1   5686                      5731    -45     5807

 COOLING
  YESTERDAY       14                         6      8        4
  MONTH TO DATE  110                        66     44       89
  SINCE JUN 1    110                        66     44       89
  SINCE JAN 1    198                       150     48      147
...................................................................


WIND (MPH)
  RESULTANT WIND SPEED   3   RESULTANT WIND DIRECTION   N (10)
  HIGHEST WIND SPEED    13   HIGHEST WIND DIRECTION     N (350)
  HIGHEST GUST SPEED    22   HIGHEST GUST DIRECTION     N (340)
  AVERAGE WIND SPEED     3.9


WEATHER CONDITIONS
THE FOLLOWING WEATHER WAS RECORDED YESTERDAY.
  THUNDERSTORM
  LIGHT RAIN
  FOG

..........................................................


THE VALPARAISO CLIMATE NORMALS FOR TODAY
                         NORMAL    RECORD    YEAR
 MAXIMUM TEMPERATURE (F)   82        93      2017
 MINIMUM TEMPERATURE (F)   60        47      2012


SUNRISE AND SUNSET
JUNE 13 2021..........SUNRISE   5:14 AM CDT   SUNSET   8:23 PM CDT
JUNE 14 2021..........SUNRISE   5:14 AM CDT   SUNSET   8:23 PM CDT


-  INDICATES NEGATIVE NUMBERS.
R  INDICATES RECORD WAS SET OR TIED.
MM INDICATES DATA IS MISSING.
T  INDICATES TRACE AMOUNT.




$$
