000
CDUS43 KLOT 280635
CLIVPZ


CLIMATE REPORT
NATIONAL WEATHER SERVICE CHICAGO IL
1235 AM CST SAT NOV 28 2020


...................................

...THE VALPARAISO CLIMATE SUMMARY FOR NOVEMBER 27 2020...

CLIMATE NORMAL PERIOD 1981 TO 2010
CLIMATE RECORD PERIOD 1998 TO 2020


WEATHER ITEM   OBSERVED TIME   RECORD YEAR NORMAL DEPARTURE LAST
                VALUE   (LST)  VALUE       VALUE  FROM      YEAR
                                                  NORMAL
..................................................................
TEMPERATURE (F)
 YESTERDAY
  MAXIMUM         46    239 PM  63    1998  42      4       56
  MINIMUM         31   1159 PM  18    2013  28      3       36
                                      2002
  AVERAGE         39                        35      4       46

PRECIPITATION (IN)
  YESTERDAY        0.00          0.91 2015   0.10  -0.10     0.18
  MONTH TO DATE    1.79                      3.02  -1.23     1.27
  SINCE SEP 1      6.21                      9.48  -3.27    11.80
  SINCE JAN 1     32.03                     35.02  -2.99    36.50

DEGREE DAYS
 HEATING
  YESTERDAY       26                        30     -4       19
  MONTH TO DATE  507                       635   -128      777
  SINCE SEP 1   1026                      1148   -122     1158
  SINCE JUL 1   1029                      1165   -136     1158

 COOLING
  YESTERDAY        0                         0      0        0
  MONTH TO DATE    3                         0      3        0
  SINCE SEP 1     54                        77    -23      204
  SINCE JAN 1    805                       713     92     1042
..................................................................


WIND (MPH)
  RESULTANT WIND SPEED   7   RESULTANT WIND DIRECTION   W (250)
  HIGHEST WIND SPEED    14   HIGHEST WIND DIRECTION     W (290)
  HIGHEST GUST SPEED    18   HIGHEST GUST DIRECTION     W (280)
  AVERAGE WIND SPEED     8.0



WEATHER CONDITIONS
 THE FOLLOWING WEATHER WAS RECORDED YESTERDAY.
  FOG


..........................................................


THE VALPARAISO CLIMATE NORMALS FOR TODAY
                         NORMAL    RECORD    YEAR
 MAXIMUM TEMPERATURE (F)   42        67      1998
 MINIMUM TEMPERATURE (F)   28        15      2014


SUNRISE AND SUNSET
NOVEMBER 28 2020......SUNRISE   652 AM CST   SUNSET   420 PM CST
NOVEMBER 29 2020......SUNRISE   653 AM CST   SUNSET   420 PM CST


-  INDICATES NEGATIVE NUMBERS.
R  INDICATES RECORD WAS SET OR TIED.
MM INDICATES DATA IS MISSING.
T  INDICATES TRACE AMOUNT.




$$
