175
CDUS42 KMLB 260722
CLIVRB

CLIMATE REPORT
NATIONAL WEATHER SERVICE MELBOURNE FL
222 AM EST THU NOV 26 2020

...................................

...THE VERO BEACH CLIMATE SUMMARY FOR NOVEMBER 25 2020...

CLIMATE NORMAL PERIOD 1981 TO 2010
CLIMATE RECORD PERIOD 1942 TO 2020


WEATHER ITEM   OBSERVED TIME   RECORD YEAR NORMAL DEPARTURE LAST
                VALUE   (LST)  VALUE       VALUE  FROM      YEAR
                                                  NORMAL
...................................................................
TEMPERATURE (F)
 YESTERDAY
  MAXIMUM         81    117 PM  87    1983  77      4       73
  MINIMUM         62    600 AM  31    1970  60      2       47
  AVERAGE         72                        68      4       60

PRECIPITATION (IN)
  YESTERDAY        0.00          1.55 1993   0.10  -0.10     0.00
  MONTH TO DATE    5.67                      2.79   2.88     1.85
  SINCE SEP 1     23.48                     14.49   8.99    10.50
  SINCE JAN 1     63.08                     49.19  13.89    42.84

SNOWFALL (IN)
  YESTERDAY        0.0
  MONTH TO DATE    0.0
  SINCE JUL 1      0.0

DEGREE DAYS
 HEATING
  YESTERDAY        0                         1     -1        5
  MONTH TO DATE    0                        17    -17       21
  SINCE SEP 1      0                        20    -20       21
  SINCE JUL 1      0                        20    -20       21

 COOLING
  YESTERDAY        7                         5      2        0
  MONTH TO DATE  281                       159    122      182
  SINCE SEP 1   1289                       989    300     1220
  SINCE JAN 1   4159                      3287    872     3860
...................................................................


WIND (MPH)
  HIGHEST WIND SPEED    17   HIGHEST WIND DIRECTION    SE (120)
  HIGHEST GUST SPEED    22   HIGHEST GUST DIRECTION    SE (130)
  AVERAGE WIND SPEED     7.9


SKY COVER
  AVERAGE SKY COVER 0.4


WEATHER CONDITIONS
THE FOLLOWING WEATHER WAS RECORDED YESTERDAY.
  NO SIGNIFICANT WEATHER WAS OBSERVED.


RELATIVE HUMIDITY (PERCENT)
 HIGHEST    87          1100 PM
 LOWEST     52          1100 AM
 AVERAGE    70

..........................................................


THE VERO BEACH CLIMATE NORMALS FOR TODAY
                         NORMAL    RECORD    YEAR
 MAXIMUM TEMPERATURE (F)   77        85      1967
                                             1989
                                             2018
 MINIMUM TEMPERATURE (F)   59        33      1950


SUNRISE AND SUNSET
NOVEMBER 26 2020......SUNRISE   652 AM EST   SUNSET   527 PM EST
NOVEMBER 27 2020......SUNRISE   652 AM EST   SUNSET   526 PM EST


-  INDICATES NEGATIVE NUMBERS.
R  INDICATES RECORD WAS SET OR TIED.
MM INDICATES DATA IS MISSING.
T  INDICATES TRACE AMOUNT.




$$
