405
CDUS41 KBTV 280532
CLIVSF

CLIMATE REPORT
NATIONAL WEATHER SERVICE BURLINGTON VT
1232 AM EST SAT NOV 28 2020

...................................

...THE SPRINGFIELD VT CLIMATE SUMMARY FOR NOVEMBER 27 2020...

CLIMATE NORMAL PERIOD: 1981 TO 2010
CLIMATE RECORD PERIOD: 9999 TO 9999


WEATHER ITEM   OBSERVED TIME   NORMAL DEPARTURE LAST
                VALUE   (LST)  VALUE  FROM      YEAR
                                      NORMAL
.......................................................
TEMPERATURE (F)
 YESTERDAY
  MAXIMUM         48   3:34 PM  41      7       44
  MINIMUM         39  11:59 PM  25     14       27
  AVERAGE         44            33     11       36

PRECIPITATION (IN)
  YESTERDAY        T             0.14  -0.14     0.54
  MONTH TO DATE    1.93          3.59  -1.66     2.34
  SINCE SEP 1      9.07         11.77  -2.70     6.99
  SINCE JAN 1     34.78         40.14  -5.36    32.42

DEGREE DAYS
 HEATING
  YESTERDAY       21            32    -11       29
  MONTH TO DATE  676           734    -58      857
  SINCE SEP 1   1361          1488   -127     1516
  SINCE JUL 1   1404          1543   -139     1549

 COOLING
  YESTERDAY        0             0      0        0
  MONTH TO DATE    0             0      0        0
  SINCE SEP 1     35            24     11       19
  SINCE JAN 1    617           345    272      409
.......................................................


WIND (MPH)
  HIGHEST WIND SPEED     7   HIGHEST WIND DIRECTION    NW (320)
  HIGHEST GUST SPEED    10   HIGHEST GUST DIRECTION    NW (320)
  AVERAGE WIND SPEED     0.8


SKY COVER
  AVERAGE SKY COVER 1.0


WEATHER CONDITIONS
THE FOLLOWING WEATHER WAS RECORDED YESTERDAY.
  LIGHT RAIN
  FOG
  FOG W/VISIBILITY <= 1/4 MILE


RELATIVE HUMIDITY (PERCENT)
 HIGHEST   100           4:00 AM
 LOWEST     68           3:00 PM
 AVERAGE    84

..........................................................


THE SPRINGFIELD VT CLIMATE NORMALS FOR TODAY
                         NORMAL    RECORD    YEAR
 MAXIMUM TEMPERATURE (F)   41        60      2015
 MINIMUM TEMPERATURE (F)   24         7      1996


SUNRISE AND SUNSET
NOVEMBER 28 2020......SUNRISE   7:00 AM EST   SUNSET   4:16 PM EST
NOVEMBER 29 2020......SUNRISE   7:01 AM EST   SUNSET   4:16 PM EST


-  INDICATES NEGATIVE NUMBERS.
R  INDICATES RECORD WAS SET OR TIED.
MM INDICATES DATA IS MISSING.
T  INDICATES TRACE AMOUNT.




$$
