000
CDUS43 KLBF 290733
CLIVTN

CLIMATE REPORT
NATIONAL WEATHER SERVICE
133 AM CST SUN NOV 29 2020

...................................

...THE VALENTINE CLIMATE SUMMARY FOR NOVEMBER 28 2020...

CLIMATE NORMAL PERIOD 1981 TO 2010
CLIMATE RECORD PERIOD 1885 TO 2020


WEATHER ITEM   OBSERVED TIME   RECORD YEAR NORMAL DEPARTURE LAST
                VALUE   (LST)  VALUE       VALUE  FROM      YEAR
                                                  NORMAL
...................................................................
TEMPERATURE (F)
 YESTERDAY
  MAXIMUM         65    330 PM  71    1932  41     24       30
  MINIMUM         22    608 AM -18    1976  15      7       13
                                      1985
  AVERAGE         44                        28     16       22

PRECIPITATION (IN)
  YESTERDAY        0.00          0.45 1905   0.01  -0.01     0.01
  MONTH TO DATE    0.82                      0.62   0.20     0.55
  SINCE SEP 1      2.24                      3.51  -1.27     4.41
  SINCE JAN 1     17.65                     19.62  -1.97    28.62

SNOWFALL (IN)
  YESTERDAY        0.0           2.7  1905   0.1   -0.1       T
                                      1929
  MONTH TO DATE    4.7                       5.0   -0.3      6.1
  SINCE SEP 1     12.0                       7.2    4.8      8.0
  SINCE JUL 1     12.0                       7.2    4.8      8.0
  SNOW DEPTH       0

DEGREE DAYS
 HEATING
  YESTERDAY       21                        37    -16       43
  MONTH TO DATE  552                       841   -289      838
  SINCE SEP 1   1271                      1518   -247     1584
  SINCE JUL 1   1276                      1543   -267     1595

 COOLING
  YESTERDAY        0                         0      0        0
  MONTH TO DATE    2                         0      2        0
  SINCE SEP 1    110                        85     25      132
  SINCE JAN 1   1157                       821    336      930
...................................................................


WIND (MPH)
  HIGHEST WIND SPEED    21   HIGHEST WIND DIRECTION     N (340)
  HIGHEST GUST SPEED    31   HIGHEST GUST DIRECTION     N (360)
  AVERAGE WIND SPEED     8.6


SKY COVER
  POSSIBLE SUNSHINE  MM
  AVERAGE SKY COVER 0.0


WEATHER CONDITIONS
THE FOLLOWING WEATHER WAS RECORDED YESTERDAY.
  NO SIGNIFICANT WEATHER WAS OBSERVED.


RELATIVE HUMIDITY (PERCENT)
 HIGHEST    71           600 AM
 LOWEST     13           300 PM
 AVERAGE    42

..........................................................


THE VALENTINE CLIMATE NORMALS FOR TODAY
                         NORMAL    RECORD    YEAR
 MAXIMUM TEMPERATURE (F)   40        74      1932
 MINIMUM TEMPERATURE (F)   15       -18      1896


SUNRISE AND SUNSET
NOVEMBER 29 2020......SUNRISE   752 AM CST   SUNSET   510 PM CST
NOVEMBER 30 2020......SUNRISE   753 AM CST   SUNSET   509 PM CST


-  INDICATES NEGATIVE NUMBERS.
R  INDICATES RECORD WAS SET OR TIED.
MM INDICATES DATA IS MISSING.
T  INDICATES TRACE AMOUNT.

$$
