000
CDUS41 KAKQ 282233
CLIWAL


CLIMATE REPORT
NATIONAL WEATHER SERVICE WAKEFIELD, VA
531 PM EST SAT NOV 28 2020


...................................

...THE WALLOPS ISLAND VA CLIMATE SUMMARY FOR NOVEMBER 28 2020...
VALID TODAY AS OF 0500 PM LOCAL TIME.

CLIMATE NORMAL PERIOD 1981 TO 2010
CLIMATE RECORD PERIOD 1963 TO 2020


WEATHER ITEM   OBSERVED TIME   RECORD YEAR NORMAL DEPARTURE
                VALUE   (LST)  VALUE       VALUE  FROM
                                                  NORMAL
...............................................................
TEMPERATURE (F)
 TODAY
  MAXIMUM         61    217 PM  73    1995  54      7
  MINIMUM         46    436 AM  23    1996  37      9
  AVERAGE         54

PRECIPITATION (IN)
  TODAY            0.00          0.93 2004   0.10  -0.10
  MONTH TO DATE    4.65                      2.67   1.98
  SINCE SEP 1     13.24                      9.82   3.42
  SINCE JAN 1     43.25                     37.21   6.04

SNOWFALL (IN)
  TODAY            0.0           0.0    MM
  MONTH TO DATE    0.0
  SINCE NOV 1      0.0
  SINCE JUL 1      0.0
  SNOW DEPTH       0

DEGREE DAYS
 HEATING
  TODAY           11

 COOLING
  TODAY            0
...............................................................


WIND (MPH)
  HIGHEST WIND SPEED    14   HIGHEST WIND DIRECTION    NW (320)
  HIGHEST GUST SPEED    18   HIGHEST GUST DIRECTION    NW (320)




RELATIVE HUMIDITY (PERCENT)
 HIGHEST   100
 LOWEST     49
 AVERAGE    75

..........................................................


THE WALLOPS ISLAND VA CLIMATE NORMALS FOR TOMORROW
                         NORMAL    RECORD    YEAR
 MAXIMUM TEMPERATURE (F)   54        70      1990
                                             1968
 MINIMUM TEMPERATURE (F)   37        22      2002


SUNRISE AND SUNSET
NOVEMBER 28 2020......SUNRISE   656 AM EST   SUNSET   443 PM EST
NOVEMBER 29 2020......SUNRISE   657 AM EST   SUNSET   443 PM EST


-  INDICATES NEGATIVE NUMBERS.
R  INDICATES RECORD WAS SET OR TIED.
MM INDICATES DATA IS MISSING.
T  INDICATES TRACE AMOUNT.




$$
